{"id":602983,"date":"2023-11-29T01:25:05","date_gmt":"2023-11-29T07:25:05","guid":{"rendered":"https:\/\/www.diarioimagen.net\/wp-content\/uploads\/2023\/11\/Derecho-13.jpg"},"modified":"2023-11-29T01:25:11","modified_gmt":"2023-11-29T07:25:11","slug":"derecho-775","status":"inherit","type":"attachment","link":"https:\/\/www.diarioimagen.net\/?attachment_id=602983","title":{"rendered":"Derecho"},"author":3,"featured_media":0,"comment_status":"open","ping_status":"closed","template":"","meta":{"_monsterinsights_skip_tracking":false,"_monsterinsights_sitenote_active":false,"_monsterinsights_sitenote_note":"","_monsterinsights_sitenote_category":0},"class_list":["post-602983","attachment","type-attachment","status-inherit","hentry"],"description":{"rendered":"<p class=\"attachment\"><a href='https:\/\/www.diarioimagen.net\/wp-content\/uploads\/2023\/11\/Derecho-13.jpg'><img loading=\"lazy\" decoding=\"async\" width=\"240\" height=\"141\" src=\"https:\/\/www.diarioimagen.net\/wp-content\/uploads\/2023\/11\/Derecho-13.jpg\" class=\"attachment-medium size-medium\" alt=\"\" \/><\/a><\/p>\n"},"caption":{"rendered":"<p>La venta de boletos del Tren Maya comenzar\u00e1 el pr\u00f3ximo 1 de diciembre y la inauguraci\u00f3n del proyecto ser\u00e1 el d\u00eda 15, ratific\u00f3 el director general de la Empresa Tren Maya, \u00d3scar David Lozano \u00c1guila.<\/p>\n"},"alt_text":"","media_type":"image","mime_type":"image\/jpeg","media_details":{"width":460,"height":270,"file":"2023\/11\/Derecho-13.jpg","filesize":72560,"sizes":{},"image_meta":{"aperture":"0","credit":"","camera":"","caption":"","created_timestamp":"0","copyright":"","focal_length":"0","iso":"0","shutter_speed":"0","title":"","orientation":"0","keywords":[]}},"post":602921,"source_url":"https:\/\/www.diarioimagen.net\/wp-content\/uploads\/2023\/11\/Derecho-13.jpg","_links":{"self":[{"href":"https:\/\/www.diarioimagen.net\/index.php?rest_route=\/wp\/v2\/media\/602983","targetHints":{"allow":["GET"]}}],"collection":[{"href":"https:\/\/www.diarioimagen.net\/index.php?rest_route=\/wp\/v2\/media"}],"about":[{"href":"https:\/\/www.diarioimagen.net\/index.php?rest_route=\/wp\/v2\/types\/attachment"}],"author":[{"embeddable":true,"href":"https:\/\/www.diarioimagen.net\/index.php?rest_route=\/wp\/v2\/users\/3"}],"replies":[{"embeddable":true,"href":"https:\/\/www.diarioimagen.net\/index.php?rest_route=%2Fwp%2Fv2%2Fcomments&post=602983"}]}}

<p>La venta de boletos del Tren Maya comenzará el próximo 1 de diciembre y la inauguración del proyecto será el día 15, ratificó el director general de la Empresa Tren Maya, Óscar David Lozano Águila.</p>
