{"id":603238,"date":"2023-12-01T01:46:33","date_gmt":"2023-12-01T07:46:33","guid":{"rendered":"https:\/\/www.diarioimagen.net\/wp-content\/uploads\/2023\/12\/AEROPUERTOS-A-SEDENA.jpg"},"modified":"2023-12-01T01:46:44","modified_gmt":"2023-12-01T07:46:44","slug":"aeropuertos-a-sedena","status":"inherit","type":"attachment","link":"https:\/\/www.diarioimagen.net\/?attachment_id=603238","title":{"rendered":"AEROPUERTOS-A-SEDENA"},"author":3,"featured_media":0,"comment_status":"open","ping_status":"closed","template":"","meta":{"_monsterinsights_skip_tracking":false,"_monsterinsights_sitenote_active":false,"_monsterinsights_sitenote_note":"","_monsterinsights_sitenote_category":0},"class_list":["post-603238","attachment","type-attachment","status-inherit","hentry"],"description":{"rendered":"<p class=\"attachment\"><a href='https:\/\/www.diarioimagen.net\/wp-content\/uploads\/2023\/12\/AEROPUERTOS-A-SEDENA.jpg'><img loading=\"lazy\" decoding=\"async\" width=\"240\" height=\"141\" src=\"https:\/\/www.diarioimagen.net\/wp-content\/uploads\/2023\/12\/AEROPUERTOS-A-SEDENA.jpg\" class=\"attachment-medium size-medium\" alt=\"\" \/><\/a><\/p>\n"},"caption":{"rendered":"<p>Con la entrega de seis aeropuertos m\u00e1s a la Sedena, que ya suma 11, se ampl\u00eda el control militar en los aeropuertos del pa\u00eds.<\/p>\n"},"alt_text":"","media_type":"image","mime_type":"image\/jpeg","media_details":{"width":460,"height":270,"file":"2023\/12\/AEROPUERTOS-A-SEDENA.jpg","filesize":73991,"sizes":{},"image_meta":{"aperture":"0","credit":"","camera":"","caption":"","created_timestamp":"0","copyright":"","focal_length":"0","iso":"0","shutter_speed":"0","title":"","orientation":"0","keywords":[]}},"post":603189,"source_url":"https:\/\/www.diarioimagen.net\/wp-content\/uploads\/2023\/12\/AEROPUERTOS-A-SEDENA.jpg","_links":{"self":[{"href":"https:\/\/www.diarioimagen.net\/index.php?rest_route=\/wp\/v2\/media\/603238","targetHints":{"allow":["GET"]}}],"collection":[{"href":"https:\/\/www.diarioimagen.net\/index.php?rest_route=\/wp\/v2\/media"}],"about":[{"href":"https:\/\/www.diarioimagen.net\/index.php?rest_route=\/wp\/v2\/types\/attachment"}],"author":[{"embeddable":true,"href":"https:\/\/www.diarioimagen.net\/index.php?rest_route=\/wp\/v2\/users\/3"}],"replies":[{"embeddable":true,"href":"https:\/\/www.diarioimagen.net\/index.php?rest_route=%2Fwp%2Fv2%2Fcomments&post=603238"}]}}

<p>Con la entrega de seis aeropuertos más a la Sedena, que ya suma 11, se amplía el control militar en los aeropuertos del país.</p>
