{"id":604394,"date":"2023-12-13T02:01:36","date_gmt":"2023-12-13T08:01:36","guid":{"rendered":"https:\/\/www.diarioimagen.net\/wp-content\/uploads\/2023\/12\/aeropuerto.jpg"},"modified":"2023-12-13T02:01:41","modified_gmt":"2023-12-13T08:01:41","slug":"aeropuerto-15","status":"inherit","type":"attachment","link":"https:\/\/www.diarioimagen.net\/?attachment_id=604394","title":{"rendered":"aeropuerto"},"author":3,"featured_media":0,"comment_status":"open","ping_status":"closed","template":"","meta":{"_monsterinsights_skip_tracking":false,"_monsterinsights_sitenote_active":false,"_monsterinsights_sitenote_note":"","_monsterinsights_sitenote_category":0},"class_list":["post-604394","attachment","type-attachment","status-inherit","hentry"],"description":{"rendered":"<p class=\"attachment\"><a href='https:\/\/www.diarioimagen.net\/wp-content\/uploads\/2023\/12\/aeropuerto.jpg'><img loading=\"lazy\" decoding=\"async\" width=\"240\" height=\"141\" src=\"https:\/\/www.diarioimagen.net\/wp-content\/uploads\/2023\/12\/aeropuerto.jpg\" class=\"attachment-medium size-medium\" alt=\"\" \/><\/a><\/p>\n"},"caption":{"rendered":"<p>El AICM incrementar\u00e1 77%, en promedio, las tarifas por los servicios aeroportuarios, plataforma, pernocta y revisi\u00f3n a pasajeros y su equipaje de mano que presta a las aerol\u00edneas.<\/p>\n"},"alt_text":"","media_type":"image","mime_type":"image\/jpeg","media_details":{"width":460,"height":270,"file":"2023\/12\/aeropuerto.jpg","filesize":70163,"sizes":{},"image_meta":{"aperture":"0","credit":"","camera":"","caption":"","created_timestamp":"0","copyright":"","focal_length":"0","iso":"0","shutter_speed":"0","title":"","orientation":"0","keywords":[]}},"post":604304,"source_url":"https:\/\/www.diarioimagen.net\/wp-content\/uploads\/2023\/12\/aeropuerto.jpg","_links":{"self":[{"href":"https:\/\/www.diarioimagen.net\/index.php?rest_route=\/wp\/v2\/media\/604394","targetHints":{"allow":["GET"]}}],"collection":[{"href":"https:\/\/www.diarioimagen.net\/index.php?rest_route=\/wp\/v2\/media"}],"about":[{"href":"https:\/\/www.diarioimagen.net\/index.php?rest_route=\/wp\/v2\/types\/attachment"}],"author":[{"embeddable":true,"href":"https:\/\/www.diarioimagen.net\/index.php?rest_route=\/wp\/v2\/users\/3"}],"replies":[{"embeddable":true,"href":"https:\/\/www.diarioimagen.net\/index.php?rest_route=%2Fwp%2Fv2%2Fcomments&post=604394"}]}}

<p>El AICM incrementará 77%, en promedio, las tarifas por los servicios aeroportuarios, plataforma, pernocta y revisión a pasajeros y su equipaje de mano que presta a las aerolíneas.</p>
