{"id":604811,"date":"2023-12-18T00:08:59","date_gmt":"2023-12-18T06:08:59","guid":{"rendered":"https:\/\/www.diarioimagen.net\/wp-content\/uploads\/2023\/12\/OPERATIVO-DECEMBRINO.jpg"},"modified":"2023-12-18T00:09:05","modified_gmt":"2023-12-18T06:09:05","slug":"operativo-decembrino","status":"inherit","type":"attachment","link":"https:\/\/www.diarioimagen.net\/?attachment_id=604811","title":{"rendered":"OPERATIVO-DECEMBRINO"},"author":3,"featured_media":0,"comment_status":"open","ping_status":"closed","template":"","meta":{"_monsterinsights_skip_tracking":false,"_monsterinsights_sitenote_active":false,"_monsterinsights_sitenote_note":"","_monsterinsights_sitenote_category":0},"class_list":["post-604811","attachment","type-attachment","status-inherit","hentry"],"description":{"rendered":"<p class=\"attachment\"><a href='https:\/\/www.diarioimagen.net\/wp-content\/uploads\/2023\/12\/OPERATIVO-DECEMBRINO.jpg'><img loading=\"lazy\" decoding=\"async\" width=\"240\" height=\"141\" src=\"https:\/\/www.diarioimagen.net\/wp-content\/uploads\/2023\/12\/OPERATIVO-DECEMBRINO.jpg\" class=\"attachment-medium size-medium\" alt=\"\" \/><\/a><\/p>\n"},"caption":{"rendered":"<p>La Profeco instal\u00f3 m\u00f3dulos de atenci\u00f3n en las principales terminales a\u00e9reas y centrales de autobuses en M\u00e9xico, como parte del Operativo Vacacional Decembrino 2023.<\/p>\n"},"alt_text":"","media_type":"image","mime_type":"image\/jpeg","media_details":{"width":460,"height":270,"file":"2023\/12\/OPERATIVO-DECEMBRINO.jpg","filesize":61648,"sizes":{},"image_meta":{"aperture":"0","credit":"","camera":"","caption":"","created_timestamp":"0","copyright":"","focal_length":"0","iso":"0","shutter_speed":"0","title":"","orientation":"0","keywords":[]}},"post":604741,"source_url":"https:\/\/www.diarioimagen.net\/wp-content\/uploads\/2023\/12\/OPERATIVO-DECEMBRINO.jpg","_links":{"self":[{"href":"https:\/\/www.diarioimagen.net\/index.php?rest_route=\/wp\/v2\/media\/604811","targetHints":{"allow":["GET"]}}],"collection":[{"href":"https:\/\/www.diarioimagen.net\/index.php?rest_route=\/wp\/v2\/media"}],"about":[{"href":"https:\/\/www.diarioimagen.net\/index.php?rest_route=\/wp\/v2\/types\/attachment"}],"author":[{"embeddable":true,"href":"https:\/\/www.diarioimagen.net\/index.php?rest_route=\/wp\/v2\/users\/3"}],"replies":[{"embeddable":true,"href":"https:\/\/www.diarioimagen.net\/index.php?rest_route=%2Fwp%2Fv2%2Fcomments&post=604811"}]}}

<p>La Profeco instaló módulos de atención en las principales terminales aéreas y centrales de autobuses en México, como parte del Operativo Vacacional Decembrino 2023.</p>
