{"id":605096,"date":"2023-12-20T00:42:56","date_gmt":"2023-12-20T06:42:56","guid":{"rendered":"https:\/\/www.diarioimagen.net\/wp-content\/uploads\/2023\/12\/repunta-economia.jpg"},"modified":"2023-12-20T00:43:00","modified_gmt":"2023-12-20T06:43:00","slug":"repunta-economia","status":"inherit","type":"attachment","link":"https:\/\/www.diarioimagen.net\/?attachment_id=605096","title":{"rendered":"repunta-economia"},"author":3,"featured_media":0,"comment_status":"open","ping_status":"closed","template":"","meta":{"_monsterinsights_skip_tracking":false,"_monsterinsights_sitenote_active":false,"_monsterinsights_sitenote_note":"","_monsterinsights_sitenote_category":0},"class_list":["post-605096","attachment","type-attachment","status-inherit","hentry"],"description":{"rendered":"<p class=\"attachment\"><a href='https:\/\/www.diarioimagen.net\/wp-content\/uploads\/2023\/12\/repunta-economia.jpg'><img loading=\"lazy\" decoding=\"async\" width=\"240\" height=\"141\" src=\"https:\/\/www.diarioimagen.net\/wp-content\/uploads\/2023\/12\/repunta-economia.jpg\" class=\"attachment-medium size-medium\" alt=\"\" \/><\/a><\/p>\n"},"caption":{"rendered":"<p>La econom\u00eda informal gener\u00f3 el 24.4 por ciento del PIB nacional, revel\u00f3 el Instituto Nacional de Estad\u00edstica, Geograf\u00eda e Inform\u00e1tica.<\/p>\n"},"alt_text":"","media_type":"image","mime_type":"image\/jpeg","media_details":{"width":460,"height":270,"file":"2023\/12\/repunta-economia.jpg","filesize":95669,"sizes":{},"image_meta":{"aperture":"0","credit":"","camera":"","caption":"","created_timestamp":"0","copyright":"","focal_length":"0","iso":"0","shutter_speed":"0","title":"","orientation":"0","keywords":[]}},"post":605008,"source_url":"https:\/\/www.diarioimagen.net\/wp-content\/uploads\/2023\/12\/repunta-economia.jpg","_links":{"self":[{"href":"https:\/\/www.diarioimagen.net\/index.php?rest_route=\/wp\/v2\/media\/605096","targetHints":{"allow":["GET"]}}],"collection":[{"href":"https:\/\/www.diarioimagen.net\/index.php?rest_route=\/wp\/v2\/media"}],"about":[{"href":"https:\/\/www.diarioimagen.net\/index.php?rest_route=\/wp\/v2\/types\/attachment"}],"author":[{"embeddable":true,"href":"https:\/\/www.diarioimagen.net\/index.php?rest_route=\/wp\/v2\/users\/3"}],"replies":[{"embeddable":true,"href":"https:\/\/www.diarioimagen.net\/index.php?rest_route=%2Fwp%2Fv2%2Fcomments&post=605096"}]}}

<p>La economía informal generó el 24.4 por ciento del PIB nacional, reveló el Instituto Nacional de Estadística, Geografía e Informática.</p>
