{"id":605118,"date":"2023-12-20T00:53:56","date_gmt":"2023-12-20T06:53:56","guid":{"rendered":"https:\/\/www.diarioimagen.net\/wp-content\/uploads\/2023\/12\/sin-agua-potable.jpg"},"modified":"2023-12-20T00:54:01","modified_gmt":"2023-12-20T06:54:01","slug":"sin-agua-potable","status":"inherit","type":"attachment","link":"https:\/\/www.diarioimagen.net\/?attachment_id=605118","title":{"rendered":"sin-agua-potable"},"author":3,"featured_media":0,"comment_status":"open","ping_status":"closed","template":"","meta":{"_monsterinsights_skip_tracking":false,"_monsterinsights_sitenote_active":false,"_monsterinsights_sitenote_note":"","_monsterinsights_sitenote_category":0},"class_list":["post-605118","attachment","type-attachment","status-inherit","hentry"],"description":{"rendered":"<p class=\"attachment\"><a href='https:\/\/www.diarioimagen.net\/wp-content\/uploads\/2023\/12\/sin-agua-potable.jpg'><img loading=\"lazy\" decoding=\"async\" width=\"240\" height=\"141\" src=\"https:\/\/www.diarioimagen.net\/wp-content\/uploads\/2023\/12\/sin-agua-potable.jpg\" class=\"attachment-medium size-medium\" alt=\"\" \/><\/a><\/p>\n"},"caption":{"rendered":"<p>El diputado local Rom\u00e1n Cort\u00e9s Lugo se\u00f1al\u00f3 que es fundamental tener un municipio autosustentable en materia de agua potable, para lo que es prioritario invertir m\u00e1s en obras y acciones en el tema h\u00eddrico.<\/p>\n"},"alt_text":"","media_type":"image","mime_type":"image\/jpeg","media_details":{"width":460,"height":270,"file":"2023\/12\/sin-agua-potable.jpg","filesize":55957,"sizes":{},"image_meta":{"aperture":"0","credit":"","camera":"","caption":"","created_timestamp":"0","copyright":"","focal_length":"0","iso":"0","shutter_speed":"0","title":"","orientation":"0","keywords":[]}},"post":605017,"source_url":"https:\/\/www.diarioimagen.net\/wp-content\/uploads\/2023\/12\/sin-agua-potable.jpg","_links":{"self":[{"href":"https:\/\/www.diarioimagen.net\/index.php?rest_route=\/wp\/v2\/media\/605118","targetHints":{"allow":["GET"]}}],"collection":[{"href":"https:\/\/www.diarioimagen.net\/index.php?rest_route=\/wp\/v2\/media"}],"about":[{"href":"https:\/\/www.diarioimagen.net\/index.php?rest_route=\/wp\/v2\/types\/attachment"}],"author":[{"embeddable":true,"href":"https:\/\/www.diarioimagen.net\/index.php?rest_route=\/wp\/v2\/users\/3"}],"replies":[{"embeddable":true,"href":"https:\/\/www.diarioimagen.net\/index.php?rest_route=%2Fwp%2Fv2%2Fcomments&post=605118"}]}}

<p>El diputado local Román Cortés Lugo señaló que es fundamental tener un municipio autosustentable en materia de agua potable, para lo que es prioritario invertir más en obras y acciones en el tema hídrico.</p>
