{"id":605218,"date":"2023-12-21T01:17:49","date_gmt":"2023-12-21T07:17:49","guid":{"rendered":"https:\/\/www.diarioimagen.net\/wp-content\/uploads\/2023\/12\/Derecho-9.jpg"},"modified":"2023-12-21T01:17:54","modified_gmt":"2023-12-21T07:17:54","slug":"derecho-791","status":"inherit","type":"attachment","link":"https:\/\/www.diarioimagen.net\/?attachment_id=605218","title":{"rendered":"Derecho"},"author":3,"featured_media":0,"comment_status":"open","ping_status":"closed","template":"","meta":{"_monsterinsights_skip_tracking":false,"_monsterinsights_sitenote_active":false,"_monsterinsights_sitenote_note":"","_monsterinsights_sitenote_category":0},"class_list":["post-605218","attachment","type-attachment","status-inherit","hentry"],"description":{"rendered":"<p class=\"attachment\"><a href='https:\/\/www.diarioimagen.net\/wp-content\/uploads\/2023\/12\/Derecho-9.jpg'><img loading=\"lazy\" decoding=\"async\" width=\"240\" height=\"141\" src=\"https:\/\/www.diarioimagen.net\/wp-content\/uploads\/2023\/12\/Derecho-9.jpg\" class=\"attachment-medium size-medium\" alt=\"\" \/><\/a><\/p>\n"},"caption":{"rendered":"<p>La gobernadora Mara Lezama entreg\u00f3 tarjetas del programa Pensi\u00f3n para el Bienestar de Personas con Discapacidad, en su modalidad universal, en el domo deportivo de la Regi\u00f3n 95.<\/p>\n"},"alt_text":"","media_type":"image","mime_type":"image\/jpeg","media_details":{"width":460,"height":270,"file":"2023\/12\/Derecho-9.jpg","filesize":80465,"sizes":{},"image_meta":{"aperture":"0","credit":"","camera":"","caption":"","created_timestamp":"0","copyright":"","focal_length":"0","iso":"0","shutter_speed":"0","title":"","orientation":"0","keywords":[]}},"post":605158,"source_url":"https:\/\/www.diarioimagen.net\/wp-content\/uploads\/2023\/12\/Derecho-9.jpg","_links":{"self":[{"href":"https:\/\/www.diarioimagen.net\/index.php?rest_route=\/wp\/v2\/media\/605218","targetHints":{"allow":["GET"]}}],"collection":[{"href":"https:\/\/www.diarioimagen.net\/index.php?rest_route=\/wp\/v2\/media"}],"about":[{"href":"https:\/\/www.diarioimagen.net\/index.php?rest_route=\/wp\/v2\/types\/attachment"}],"author":[{"embeddable":true,"href":"https:\/\/www.diarioimagen.net\/index.php?rest_route=\/wp\/v2\/users\/3"}],"replies":[{"embeddable":true,"href":"https:\/\/www.diarioimagen.net\/index.php?rest_route=%2Fwp%2Fv2%2Fcomments&post=605218"}]}}

<p>La gobernadora Mara Lezama entregó tarjetas del programa Pensión para el Bienestar de Personas con Discapacidad, en su modalidad universal, en el domo deportivo de la Región 95.</p>
