{"id":605551,"date":"2024-01-03T01:26:08","date_gmt":"2024-01-03T07:26:08","guid":{"rendered":"https:\/\/www.diarioimagen.net\/wp-content\/uploads\/2024\/01\/uaem-firman-convenio.jpg"},"modified":"2024-01-03T01:26:16","modified_gmt":"2024-01-03T07:26:16","slug":"uaem-firman-convenio","status":"inherit","type":"attachment","link":"https:\/\/www.diarioimagen.net\/?attachment_id=605551","title":{"rendered":"uaem-firman-convenio"},"author":3,"featured_media":0,"comment_status":"open","ping_status":"closed","template":"","meta":{"_monsterinsights_skip_tracking":false,"_monsterinsights_sitenote_active":false,"_monsterinsights_sitenote_note":"","_monsterinsights_sitenote_category":0},"class_list":["post-605551","attachment","type-attachment","status-inherit","hentry"],"description":{"rendered":"<p class=\"attachment\"><a href='https:\/\/www.diarioimagen.net\/wp-content\/uploads\/2024\/01\/uaem-firman-convenio.jpg'><img loading=\"lazy\" decoding=\"async\" width=\"240\" height=\"141\" src=\"https:\/\/www.diarioimagen.net\/wp-content\/uploads\/2024\/01\/uaem-firman-convenio.jpg\" class=\"attachment-medium size-medium\" alt=\"\" \/><\/a><\/p>\n"},"caption":{"rendered":"<p>Como primera actividad se est\u00e1 generando un podcast y en febrero iniciar\u00e1 la capacitaci\u00f3n para docentes en materia de pedagog\u00eda y did\u00e1ctica enfocada a las artes.<\/p>\n"},"alt_text":"","media_type":"image","mime_type":"image\/jpeg","media_details":{"width":460,"height":270,"file":"2024\/01\/uaem-firman-convenio.jpg","filesize":82439,"sizes":{},"image_meta":{"aperture":"0","credit":"","camera":"","caption":"","created_timestamp":"0","copyright":"","focal_length":"0","iso":"0","shutter_speed":"0","title":"","orientation":"0","keywords":[]}},"post":605465,"source_url":"https:\/\/www.diarioimagen.net\/wp-content\/uploads\/2024\/01\/uaem-firman-convenio.jpg","_links":{"self":[{"href":"https:\/\/www.diarioimagen.net\/index.php?rest_route=\/wp\/v2\/media\/605551","targetHints":{"allow":["GET"]}}],"collection":[{"href":"https:\/\/www.diarioimagen.net\/index.php?rest_route=\/wp\/v2\/media"}],"about":[{"href":"https:\/\/www.diarioimagen.net\/index.php?rest_route=\/wp\/v2\/types\/attachment"}],"author":[{"embeddable":true,"href":"https:\/\/www.diarioimagen.net\/index.php?rest_route=\/wp\/v2\/users\/3"}],"replies":[{"embeddable":true,"href":"https:\/\/www.diarioimagen.net\/index.php?rest_route=%2Fwp%2Fv2%2Fcomments&post=605551"}]}}

<p>Como primera actividad se está generando un podcast y en febrero iniciará la capacitación para docentes en materia de pedagogía y didáctica enfocada a las artes.</p>
