{"id":605852,"date":"2024-01-05T01:15:58","date_gmt":"2024-01-05T07:15:58","guid":{"rendered":"https:\/\/www.diarioimagen.net\/wp-content\/uploads\/2024\/01\/amlo-2.jpg"},"modified":"2024-01-05T01:16:04","modified_gmt":"2024-01-05T07:16:04","slug":"amlo-465","status":"inherit","type":"attachment","link":"https:\/\/www.diarioimagen.net\/?attachment_id=605852","title":{"rendered":"amlo"},"author":3,"featured_media":0,"comment_status":"open","ping_status":"closed","template":"","meta":{"_monsterinsights_skip_tracking":false,"_monsterinsights_sitenote_active":false,"_monsterinsights_sitenote_note":"","_monsterinsights_sitenote_category":0},"class_list":["post-605852","attachment","type-attachment","status-inherit","hentry"],"description":{"rendered":"<p class=\"attachment\"><a href='https:\/\/www.diarioimagen.net\/wp-content\/uploads\/2024\/01\/amlo-2.jpg'><img loading=\"lazy\" decoding=\"async\" width=\"240\" height=\"141\" src=\"https:\/\/www.diarioimagen.net\/wp-content\/uploads\/2024\/01\/amlo-2.jpg\" class=\"attachment-medium size-medium\" alt=\"\" \/><\/a><\/p>\n"},"caption":{"rendered":"<p>Andr\u00e9s Manuel L\u00f3pez Obrador asever\u00f3 que proyectos como el Aeropuerto Internacional de Tulum Felipe Carrillo Puerto, los trenes Maya y del Corredor Interoce\u00e1nico del Istmo de Tehuantepec y Mexicana de Aviaci\u00f3n a\u00fan les falta.<\/p>\n"},"alt_text":"","media_type":"image","mime_type":"image\/jpeg","media_details":{"width":460,"height":270,"file":"2024\/01\/amlo-2.jpg","filesize":38430,"sizes":{},"image_meta":{"aperture":"0","credit":"","camera":"","caption":"","created_timestamp":"0","copyright":"","focal_length":"0","iso":"0","shutter_speed":"0","title":"","orientation":"0","keywords":[]}},"post":605774,"source_url":"https:\/\/www.diarioimagen.net\/wp-content\/uploads\/2024\/01\/amlo-2.jpg","_links":{"self":[{"href":"https:\/\/www.diarioimagen.net\/index.php?rest_route=\/wp\/v2\/media\/605852","targetHints":{"allow":["GET"]}}],"collection":[{"href":"https:\/\/www.diarioimagen.net\/index.php?rest_route=\/wp\/v2\/media"}],"about":[{"href":"https:\/\/www.diarioimagen.net\/index.php?rest_route=\/wp\/v2\/types\/attachment"}],"author":[{"embeddable":true,"href":"https:\/\/www.diarioimagen.net\/index.php?rest_route=\/wp\/v2\/users\/3"}],"replies":[{"embeddable":true,"href":"https:\/\/www.diarioimagen.net\/index.php?rest_route=%2Fwp%2Fv2%2Fcomments&post=605852"}]}}

<p>Andrés Manuel López Obrador aseveró que proyectos como el Aeropuerto Internacional de Tulum Felipe Carrillo Puerto, los trenes Maya y del Corredor Interoceánico del Istmo de Tehuantepec y Mexicana de Aviación aún les falta.</p>
