{"id":605966,"date":"2024-01-08T00:10:44","date_gmt":"2024-01-08T06:10:44","guid":{"rendered":"https:\/\/www.diarioimagen.net\/wp-content\/uploads\/2024\/01\/GASOLINA-SIN-SUBSIDIO.jpg"},"modified":"2024-01-08T00:10:48","modified_gmt":"2024-01-08T06:10:48","slug":"gasolina-sin-subsidio","status":"inherit","type":"attachment","link":"https:\/\/www.diarioimagen.net\/?attachment_id=605966","title":{"rendered":"GASOLINA-SIN-SUBSIDIO"},"author":3,"featured_media":0,"comment_status":"open","ping_status":"closed","template":"","meta":{"_monsterinsights_skip_tracking":false,"_monsterinsights_sitenote_active":false,"_monsterinsights_sitenote_note":"","_monsterinsights_sitenote_category":0},"class_list":["post-605966","attachment","type-attachment","status-inherit","hentry"],"description":{"rendered":"<p class=\"attachment\"><a href='https:\/\/www.diarioimagen.net\/wp-content\/uploads\/2024\/01\/GASOLINA-SIN-SUBSIDIO.jpg'><img loading=\"lazy\" decoding=\"async\" width=\"240\" height=\"141\" src=\"https:\/\/www.diarioimagen.net\/wp-content\/uploads\/2024\/01\/GASOLINA-SIN-SUBSIDIO.jpg\" class=\"attachment-medium size-medium\" alt=\"\" \/><\/a><\/p>\n"},"caption":{"rendered":"<p>En la segunda semana de enero, los consumidores pagar\u00e1n la totalidad de IEPS del di\u00e9sel y las gasolinas, de acuerdo a lo Hacienda en el Diario Oficial de la Federaci\u00f3n.<\/p>\n"},"alt_text":"","media_type":"image","mime_type":"image\/jpeg","media_details":{"width":460,"height":270,"file":"2024\/01\/GASOLINA-SIN-SUBSIDIO.jpg","filesize":83247,"sizes":{},"image_meta":{"aperture":"0","credit":"","camera":"","caption":"","created_timestamp":"0","copyright":"","focal_length":"0","iso":"0","shutter_speed":"0","title":"","orientation":"0","keywords":[]}},"post":605920,"source_url":"https:\/\/www.diarioimagen.net\/wp-content\/uploads\/2024\/01\/GASOLINA-SIN-SUBSIDIO.jpg","_links":{"self":[{"href":"https:\/\/www.diarioimagen.net\/index.php?rest_route=\/wp\/v2\/media\/605966","targetHints":{"allow":["GET"]}}],"collection":[{"href":"https:\/\/www.diarioimagen.net\/index.php?rest_route=\/wp\/v2\/media"}],"about":[{"href":"https:\/\/www.diarioimagen.net\/index.php?rest_route=\/wp\/v2\/types\/attachment"}],"author":[{"embeddable":true,"href":"https:\/\/www.diarioimagen.net\/index.php?rest_route=\/wp\/v2\/users\/3"}],"replies":[{"embeddable":true,"href":"https:\/\/www.diarioimagen.net\/index.php?rest_route=%2Fwp%2Fv2%2Fcomments&post=605966"}]}}

<p>En la segunda semana de enero, los consumidores pagarán la totalidad de IEPS del diésel y las gasolinas, de acuerdo a lo Hacienda en el Diario Oficial de la Federación.</p>
