{"id":605982,"date":"2024-01-08T00:17:41","date_gmt":"2024-01-08T06:17:41","guid":{"rendered":"https:\/\/www.diarioimagen.net\/wp-content\/uploads\/2024\/01\/wenses-1.jpg"},"modified":"2024-01-08T00:17:45","modified_gmt":"2024-01-08T06:17:45","slug":"wenses-1","status":"inherit","type":"attachment","link":"https:\/\/www.diarioimagen.net\/?attachment_id=605982","title":{"rendered":"wenses-1"},"author":3,"featured_media":0,"comment_status":"open","ping_status":"closed","template":"","meta":{"_monsterinsights_skip_tracking":false,"_monsterinsights_sitenote_active":false,"_monsterinsights_sitenote_note":"","_monsterinsights_sitenote_category":0},"class_list":["post-605982","attachment","type-attachment","status-inherit","hentry"],"description":{"rendered":"<p class=\"attachment\"><a href='https:\/\/www.diarioimagen.net\/wp-content\/uploads\/2024\/01\/wenses-1.jpg'><img loading=\"lazy\" decoding=\"async\" width=\"180\" height=\"240\" src=\"https:\/\/www.diarioimagen.net\/wp-content\/uploads\/2024\/01\/wenses-1.jpg\" class=\"attachment-medium size-medium\" alt=\"\" \/><\/a><\/p>\n"},"caption":{"rendered":"<p>La incorporaci\u00f3n de F\u00e1tima Molina interpretando a la entra\u00f1able Lala, es una oportunidad para ver esta historia con una personalidad diferente en el escenario interactuando con su contraparte Wenses, buscando matices nuevos.<\/p>\n"},"alt_text":"","media_type":"image","mime_type":"image\/jpeg","media_details":{"width":460,"height":614,"file":"2024\/01\/wenses-1.jpg","filesize":52965,"sizes":{},"image_meta":{"aperture":"0","credit":"","camera":"","caption":"","created_timestamp":"0","copyright":"","focal_length":"0","iso":"0","shutter_speed":"0","title":"","orientation":"0","keywords":[]}},"post":605928,"source_url":"https:\/\/www.diarioimagen.net\/wp-content\/uploads\/2024\/01\/wenses-1.jpg","_links":{"self":[{"href":"https:\/\/www.diarioimagen.net\/index.php?rest_route=\/wp\/v2\/media\/605982","targetHints":{"allow":["GET"]}}],"collection":[{"href":"https:\/\/www.diarioimagen.net\/index.php?rest_route=\/wp\/v2\/media"}],"about":[{"href":"https:\/\/www.diarioimagen.net\/index.php?rest_route=\/wp\/v2\/types\/attachment"}],"author":[{"embeddable":true,"href":"https:\/\/www.diarioimagen.net\/index.php?rest_route=\/wp\/v2\/users\/3"}],"replies":[{"embeddable":true,"href":"https:\/\/www.diarioimagen.net\/index.php?rest_route=%2Fwp%2Fv2%2Fcomments&post=605982"}]}}

<p>La incorporación de Fátima Molina interpretando a la entrañable Lala, es una oportunidad para ver esta historia con una personalidad diferente en el escenario interactuando con su contraparte Wenses, buscando matices nuevos.</p>
