{"id":606254,"date":"2024-01-10T01:57:37","date_gmt":"2024-01-10T07:57:37","guid":{"rendered":"https:\/\/www.diarioimagen.net\/wp-content\/uploads\/2024\/01\/uaem-reduce.jpg"},"modified":"2024-01-10T01:57:42","modified_gmt":"2024-01-10T07:57:42","slug":"uaem-reduce-2","status":"inherit","type":"attachment","link":"https:\/\/www.diarioimagen.net\/?attachment_id=606254","title":{"rendered":"uaem-reduce"},"author":3,"featured_media":0,"comment_status":"open","ping_status":"closed","template":"","meta":{"_monsterinsights_skip_tracking":false,"_monsterinsights_sitenote_active":false,"_monsterinsights_sitenote_note":"","_monsterinsights_sitenote_category":0},"class_list":["post-606254","attachment","type-attachment","status-inherit","hentry"],"description":{"rendered":"<p class=\"attachment\"><a href='https:\/\/www.diarioimagen.net\/wp-content\/uploads\/2024\/01\/uaem-reduce.jpg'><img loading=\"lazy\" decoding=\"async\" width=\"240\" height=\"141\" src=\"https:\/\/www.diarioimagen.net\/wp-content\/uploads\/2024\/01\/uaem-reduce.jpg\" class=\"attachment-medium size-medium\" alt=\"\" \/><\/a><\/p>\n"},"caption":{"rendered":"<p>Montoya Garc\u00eda sugiri\u00f3 a la UAEM\u00e9x dar continuidad a las actividades verdes que realiza y emprender algunas otras como reducir el consumo de papel, a trav\u00e9s de la aplicaci\u00f3n de ex\u00e1menes en plataformas digitales.<\/p>\n"},"alt_text":"","media_type":"image","mime_type":"image\/jpeg","media_details":{"width":460,"height":270,"file":"2024\/01\/uaem-reduce.jpg","filesize":53653,"sizes":{},"image_meta":{"aperture":"0","credit":"","camera":"","caption":"","created_timestamp":"0","copyright":"","focal_length":"0","iso":"0","shutter_speed":"0","title":"","orientation":"0","keywords":[]}},"post":606175,"source_url":"https:\/\/www.diarioimagen.net\/wp-content\/uploads\/2024\/01\/uaem-reduce.jpg","_links":{"self":[{"href":"https:\/\/www.diarioimagen.net\/index.php?rest_route=\/wp\/v2\/media\/606254","targetHints":{"allow":["GET"]}}],"collection":[{"href":"https:\/\/www.diarioimagen.net\/index.php?rest_route=\/wp\/v2\/media"}],"about":[{"href":"https:\/\/www.diarioimagen.net\/index.php?rest_route=\/wp\/v2\/types\/attachment"}],"author":[{"embeddable":true,"href":"https:\/\/www.diarioimagen.net\/index.php?rest_route=\/wp\/v2\/users\/3"}],"replies":[{"embeddable":true,"href":"https:\/\/www.diarioimagen.net\/index.php?rest_route=%2Fwp%2Fv2%2Fcomments&post=606254"}]}}

<p>Montoya García sugirió a la UAEMéx dar continuidad a las actividades verdes que realiza y emprender algunas otras como reducir el consumo de papel, a través de la aplicación de exámenes en plataformas digitales.</p>
