{"id":606970,"date":"2024-01-17T01:06:32","date_gmt":"2024-01-17T07:06:32","guid":{"rendered":"https:\/\/www.diarioimagen.net\/wp-content\/uploads\/2024\/01\/SECUESTROS17.jpg"},"modified":"2024-01-17T01:06:37","modified_gmt":"2024-01-17T07:06:37","slug":"secuestros17","status":"inherit","type":"attachment","link":"https:\/\/www.diarioimagen.net\/?attachment_id=606970","title":{"rendered":"SECUESTROS17"},"author":3,"featured_media":0,"comment_status":"open","ping_status":"closed","template":"","meta":{"_monsterinsights_skip_tracking":false,"_monsterinsights_sitenote_active":false,"_monsterinsights_sitenote_note":"","_monsterinsights_sitenote_category":0},"class_list":["post-606970","attachment","type-attachment","status-inherit","hentry"],"description":{"rendered":"<p class=\"attachment\"><a href='https:\/\/www.diarioimagen.net\/wp-content\/uploads\/2024\/01\/SECUESTROS17.jpg'><img loading=\"lazy\" decoding=\"async\" width=\"240\" height=\"141\" src=\"https:\/\/www.diarioimagen.net\/wp-content\/uploads\/2024\/01\/SECUESTROS17.jpg\" class=\"attachment-medium size-medium\" alt=\"\" \/><\/a><\/p>\n"},"caption":{"rendered":"<p>Los secuestros en M\u00e9xico subieron un 3.2 por ciento, respecto de las cifras del a\u00f1o anterior y se situaron en 2,402 v\u00edctimas, de acuerdo a datos de la Alto al Secuestro.<\/p>\n"},"alt_text":"","media_type":"image","mime_type":"image\/jpeg","media_details":{"width":460,"height":270,"file":"2024\/01\/SECUESTROS17.jpg","filesize":88662,"sizes":{},"image_meta":{"aperture":"0","credit":"","camera":"","caption":"","created_timestamp":"0","copyright":"","focal_length":"0","iso":"0","shutter_speed":"0","title":"","orientation":"0","keywords":[]}},"post":606899,"source_url":"https:\/\/www.diarioimagen.net\/wp-content\/uploads\/2024\/01\/SECUESTROS17.jpg","_links":{"self":[{"href":"https:\/\/www.diarioimagen.net\/index.php?rest_route=\/wp\/v2\/media\/606970","targetHints":{"allow":["GET"]}}],"collection":[{"href":"https:\/\/www.diarioimagen.net\/index.php?rest_route=\/wp\/v2\/media"}],"about":[{"href":"https:\/\/www.diarioimagen.net\/index.php?rest_route=\/wp\/v2\/types\/attachment"}],"author":[{"embeddable":true,"href":"https:\/\/www.diarioimagen.net\/index.php?rest_route=\/wp\/v2\/users\/3"}],"replies":[{"embeddable":true,"href":"https:\/\/www.diarioimagen.net\/index.php?rest_route=%2Fwp%2Fv2%2Fcomments&post=606970"}]}}

<p>Los secuestros en México subieron un 3.2 por ciento, respecto de las cifras del año anterior y se situaron en 2,402 víctimas, de acuerdo a datos de la Alto al Secuestro.</p>
