{"id":607096,"date":"2024-01-18T00:58:26","date_gmt":"2024-01-18T06:58:26","guid":{"rendered":"https:\/\/www.diarioimagen.net\/wp-content\/uploads\/2024\/01\/amlo-7.jpg"},"modified":"2024-01-18T00:58:31","modified_gmt":"2024-01-18T06:58:31","slug":"amlo-471","status":"inherit","type":"attachment","link":"https:\/\/www.diarioimagen.net\/?attachment_id=607096","title":{"rendered":"amlo"},"author":3,"featured_media":0,"comment_status":"open","ping_status":"closed","template":"","meta":{"_monsterinsights_skip_tracking":false,"_monsterinsights_sitenote_active":false,"_monsterinsights_sitenote_note":"","_monsterinsights_sitenote_category":0},"class_list":["post-607096","attachment","type-attachment","status-inherit","hentry"],"description":{"rendered":"<p class=\"attachment\"><a href='https:\/\/www.diarioimagen.net\/wp-content\/uploads\/2024\/01\/amlo-7.jpg'><img loading=\"lazy\" decoding=\"async\" width=\"240\" height=\"141\" src=\"https:\/\/www.diarioimagen.net\/wp-content\/uploads\/2024\/01\/amlo-7.jpg\" class=\"attachment-medium size-medium\" alt=\"\" \/><\/a><\/p>\n"},"caption":{"rendered":"<p>Andr\u00e9s Manuel L\u00f3pez Obrador anunci\u00f3 que para financiar las aportaciones que realizar\u00e1 el gobierno federal con el fin de incrementar las pensiones de los trabajadores se presentar\u00e1 un nuevo plan de austeridad republicana.<\/p>\n"},"alt_text":"","media_type":"image","mime_type":"image\/jpeg","media_details":{"width":460,"height":270,"file":"2024\/01\/amlo-7.jpg","filesize":56461,"sizes":{},"image_meta":{"aperture":"0","credit":"","camera":"","caption":"","created_timestamp":"0","copyright":"","focal_length":"0","iso":"0","shutter_speed":"0","title":"","orientation":"0","keywords":[]}},"post":607061,"source_url":"https:\/\/www.diarioimagen.net\/wp-content\/uploads\/2024\/01\/amlo-7.jpg","_links":{"self":[{"href":"https:\/\/www.diarioimagen.net\/index.php?rest_route=\/wp\/v2\/media\/607096","targetHints":{"allow":["GET"]}}],"collection":[{"href":"https:\/\/www.diarioimagen.net\/index.php?rest_route=\/wp\/v2\/media"}],"about":[{"href":"https:\/\/www.diarioimagen.net\/index.php?rest_route=\/wp\/v2\/types\/attachment"}],"author":[{"embeddable":true,"href":"https:\/\/www.diarioimagen.net\/index.php?rest_route=\/wp\/v2\/users\/3"}],"replies":[{"embeddable":true,"href":"https:\/\/www.diarioimagen.net\/index.php?rest_route=%2Fwp%2Fv2%2Fcomments&post=607096"}]}}

<p>Andrés Manuel López Obrador anunció que para financiar las aportaciones que realizará el gobierno federal con el fin de incrementar las pensiones de los trabajadores se presentará un nuevo plan de austeridad republicana.</p>
