{"id":607288,"date":"2024-01-19T01:28:37","date_gmt":"2024-01-19T07:28:37","guid":{"rendered":"https:\/\/www.diarioimagen.net\/wp-content\/uploads\/2024\/01\/claudia.jpg"},"modified":"2024-01-19T01:28:40","modified_gmt":"2024-01-19T07:28:40","slug":"claudia-17","status":"inherit","type":"attachment","link":"https:\/\/www.diarioimagen.net\/?attachment_id=607288","title":{"rendered":"claudia"},"author":3,"featured_media":0,"comment_status":"open","ping_status":"closed","template":"","meta":{"_monsterinsights_skip_tracking":false,"_monsterinsights_sitenote_active":false,"_monsterinsights_sitenote_note":"","_monsterinsights_sitenote_category":0},"class_list":["post-607288","attachment","type-attachment","status-inherit","hentry"],"description":{"rendered":"<p class=\"attachment\"><a href='https:\/\/www.diarioimagen.net\/wp-content\/uploads\/2024\/01\/claudia.jpg'><img loading=\"lazy\" decoding=\"async\" width=\"240\" height=\"141\" src=\"https:\/\/www.diarioimagen.net\/wp-content\/uploads\/2024\/01\/claudia.jpg\" class=\"attachment-medium size-medium\" alt=\"\" \/><\/a><\/p>\n"},"caption":{"rendered":"<p>Claudia Sheinbaum congreg\u00f3 a 150 mil militantes y simpatizantes en el cierre de su precampa\u00f1a en el Monumento a la Revoluci\u00f3n en la CDMX.<\/p>\n"},"alt_text":"","media_type":"image","mime_type":"image\/jpeg","media_details":{"width":460,"height":270,"file":"2024\/01\/claudia.jpg","filesize":106577,"sizes":{},"image_meta":{"aperture":"0","credit":"","camera":"","caption":"","created_timestamp":"0","copyright":"","focal_length":"0","iso":"0","shutter_speed":"0","title":"","orientation":"0","keywords":[]}},"post":607228,"source_url":"https:\/\/www.diarioimagen.net\/wp-content\/uploads\/2024\/01\/claudia.jpg","_links":{"self":[{"href":"https:\/\/www.diarioimagen.net\/index.php?rest_route=\/wp\/v2\/media\/607288","targetHints":{"allow":["GET"]}}],"collection":[{"href":"https:\/\/www.diarioimagen.net\/index.php?rest_route=\/wp\/v2\/media"}],"about":[{"href":"https:\/\/www.diarioimagen.net\/index.php?rest_route=\/wp\/v2\/types\/attachment"}],"author":[{"embeddable":true,"href":"https:\/\/www.diarioimagen.net\/index.php?rest_route=\/wp\/v2\/users\/3"}],"replies":[{"embeddable":true,"href":"https:\/\/www.diarioimagen.net\/index.php?rest_route=%2Fwp%2Fv2%2Fcomments&post=607288"}]}}

<p>Claudia Sheinbaum congregó a 150 mil militantes y simpatizantes en el cierre de su precampaña en el Monumento a la Revolución en la CDMX.</p>
