{"id":607718,"date":"2024-01-24T01:13:29","date_gmt":"2024-01-24T07:13:29","guid":{"rendered":"https:\/\/www.diarioimagen.net\/wp-content\/uploads\/2024\/01\/MILITARES-CONSTRUCTORES.jpg"},"modified":"2024-01-24T01:13:35","modified_gmt":"2024-01-24T07:13:35","slug":"militares-constructores","status":"inherit","type":"attachment","link":"https:\/\/www.diarioimagen.net\/?attachment_id=607718","title":{"rendered":"MILITARES-CONSTRUCTORES"},"author":3,"featured_media":0,"comment_status":"open","ping_status":"closed","template":"","meta":{"_monsterinsights_skip_tracking":false,"_monsterinsights_sitenote_active":false,"_monsterinsights_sitenote_note":"","_monsterinsights_sitenote_category":0},"class_list":["post-607718","attachment","type-attachment","status-inherit","hentry"],"description":{"rendered":"<p class=\"attachment\"><a href='https:\/\/www.diarioimagen.net\/wp-content\/uploads\/2024\/01\/MILITARES-CONSTRUCTORES.jpg'><img loading=\"lazy\" decoding=\"async\" width=\"240\" height=\"141\" src=\"https:\/\/www.diarioimagen.net\/wp-content\/uploads\/2024\/01\/MILITARES-CONSTRUCTORES.jpg\" class=\"attachment-medium size-medium\" alt=\"\" \/><\/a><\/p>\n"},"caption":{"rendered":"<p>Andr\u00e9s Manuel L\u00f3pez Obrador destac\u00f3 la contribuci\u00f3n del Ej\u00e9rcito a trav\u00e9s del trabajo de los ingenieros militares que han desarrollado obras impulsadas por su gobierno.<\/p>\n"},"alt_text":"","media_type":"image","mime_type":"image\/jpeg","media_details":{"width":460,"height":270,"file":"2024\/01\/MILITARES-CONSTRUCTORES.jpg","filesize":49397,"sizes":{},"image_meta":{"aperture":"0","credit":"","camera":"","caption":"","created_timestamp":"0","copyright":"","focal_length":"0","iso":"0","shutter_speed":"0","title":"","orientation":"0","keywords":[]}},"post":607633,"source_url":"https:\/\/www.diarioimagen.net\/wp-content\/uploads\/2024\/01\/MILITARES-CONSTRUCTORES.jpg","_links":{"self":[{"href":"https:\/\/www.diarioimagen.net\/index.php?rest_route=\/wp\/v2\/media\/607718","targetHints":{"allow":["GET"]}}],"collection":[{"href":"https:\/\/www.diarioimagen.net\/index.php?rest_route=\/wp\/v2\/media"}],"about":[{"href":"https:\/\/www.diarioimagen.net\/index.php?rest_route=\/wp\/v2\/types\/attachment"}],"author":[{"embeddable":true,"href":"https:\/\/www.diarioimagen.net\/index.php?rest_route=\/wp\/v2\/users\/3"}],"replies":[{"embeddable":true,"href":"https:\/\/www.diarioimagen.net\/index.php?rest_route=%2Fwp%2Fv2%2Fcomments&post=607718"}]}}

<p>Andrés Manuel López Obrador destacó la contribución del Ejército a través del trabajo de los ingenieros militares que han desarrollado obras impulsadas por su gobierno.</p>
