{"id":607817,"date":"2024-01-25T00:36:28","date_gmt":"2024-01-25T06:36:28","guid":{"rendered":"https:\/\/www.diarioimagen.net\/wp-content\/uploads\/2024\/01\/PADRON-ELECTORAL25.jpg"},"modified":"2024-01-25T00:36:32","modified_gmt":"2024-01-25T06:36:32","slug":"padron-electoral25","status":"inherit","type":"attachment","link":"https:\/\/www.diarioimagen.net\/?attachment_id=607817","title":{"rendered":"PADRON-ELECTORAL25"},"author":3,"featured_media":0,"comment_status":"open","ping_status":"closed","template":"","meta":{"_monsterinsights_skip_tracking":false,"_monsterinsights_sitenote_active":false,"_monsterinsights_sitenote_note":"","_monsterinsights_sitenote_category":0},"class_list":["post-607817","attachment","type-attachment","status-inherit","hentry"],"description":{"rendered":"<p class=\"attachment\"><a href='https:\/\/www.diarioimagen.net\/wp-content\/uploads\/2024\/01\/PADRON-ELECTORAL25.jpg'><img loading=\"lazy\" decoding=\"async\" width=\"240\" height=\"141\" src=\"https:\/\/www.diarioimagen.net\/wp-content\/uploads\/2024\/01\/PADRON-ELECTORAL25.jpg\" class=\"attachment-medium size-medium\" alt=\"\" \/><\/a><\/p>\n"},"caption":{"rendered":"<p>El padr\u00f3n electoral en M\u00e9xico rebas\u00f3 ya los 100 millones de inscritos, de acuerdo con informaci\u00f3n del Instituto Nacional Electoral.<\/p>\n"},"alt_text":"","media_type":"image","mime_type":"image\/jpeg","media_details":{"width":460,"height":270,"file":"2024\/01\/PADRON-ELECTORAL25.jpg","filesize":44723,"sizes":{},"image_meta":{"aperture":"0","credit":"","camera":"","caption":"","created_timestamp":"0","copyright":"","focal_length":"0","iso":"0","shutter_speed":"0","title":"","orientation":"0","keywords":[]}},"post":607778,"source_url":"https:\/\/www.diarioimagen.net\/wp-content\/uploads\/2024\/01\/PADRON-ELECTORAL25.jpg","_links":{"self":[{"href":"https:\/\/www.diarioimagen.net\/index.php?rest_route=\/wp\/v2\/media\/607817","targetHints":{"allow":["GET"]}}],"collection":[{"href":"https:\/\/www.diarioimagen.net\/index.php?rest_route=\/wp\/v2\/media"}],"about":[{"href":"https:\/\/www.diarioimagen.net\/index.php?rest_route=\/wp\/v2\/types\/attachment"}],"author":[{"embeddable":true,"href":"https:\/\/www.diarioimagen.net\/index.php?rest_route=\/wp\/v2\/users\/3"}],"replies":[{"embeddable":true,"href":"https:\/\/www.diarioimagen.net\/index.php?rest_route=%2Fwp%2Fv2%2Fcomments&post=607817"}]}}

<p>El padrón electoral en México rebasó ya los 100 millones de inscritos, de acuerdo con información del Instituto Nacional Electoral.</p>
