{"id":608736,"date":"2024-02-02T03:38:46","date_gmt":"2024-02-02T09:38:46","guid":{"rendered":"https:\/\/www.diarioimagen.net\/wp-content\/uploads\/2024\/02\/llego-a-cuautitlan.jpg"},"modified":"2024-02-02T03:39:00","modified_gmt":"2024-02-02T09:39:00","slug":"llego-a-cuautitlan","status":"inherit","type":"attachment","link":"https:\/\/www.diarioimagen.net\/?attachment_id=608736","title":{"rendered":"llego-a-cuautitlan"},"author":3,"featured_media":0,"comment_status":"open","ping_status":"closed","template":"","meta":{"_monsterinsights_skip_tracking":false,"_monsterinsights_sitenote_active":false,"_monsterinsights_sitenote_note":"","_monsterinsights_sitenote_category":0},"class_list":["post-608736","attachment","type-attachment","status-inherit","hentry"],"description":{"rendered":"<p class=\"attachment\"><a href='https:\/\/www.diarioimagen.net\/wp-content\/uploads\/2024\/02\/llego-a-cuautitlan.jpg'><img loading=\"lazy\" decoding=\"async\" width=\"240\" height=\"141\" src=\"https:\/\/www.diarioimagen.net\/wp-content\/uploads\/2024\/02\/llego-a-cuautitlan.jpg\" class=\"attachment-medium size-medium\" alt=\"\" \/><\/a><\/p>\n"},"caption":{"rendered":"<p>Ely Beatriz Quintana Becerril, titular de la Direcci\u00f3n de Desarrollo Econ\u00f3mico, mencion\u00f3 que la edici\u00f3n pasada se obtuvo una derrama econ\u00f3mica de dos millones de pesos.<\/p>\n"},"alt_text":"","media_type":"image","mime_type":"image\/jpeg","media_details":{"width":460,"height":270,"file":"2024\/02\/llego-a-cuautitlan.jpg","filesize":61836,"sizes":{},"image_meta":{"aperture":"0","credit":"","camera":"","caption":"","created_timestamp":"0","copyright":"","focal_length":"0","iso":"0","shutter_speed":"0","title":"","orientation":"0","keywords":[]}},"post":608648,"source_url":"https:\/\/www.diarioimagen.net\/wp-content\/uploads\/2024\/02\/llego-a-cuautitlan.jpg","_links":{"self":[{"href":"https:\/\/www.diarioimagen.net\/index.php?rest_route=\/wp\/v2\/media\/608736","targetHints":{"allow":["GET"]}}],"collection":[{"href":"https:\/\/www.diarioimagen.net\/index.php?rest_route=\/wp\/v2\/media"}],"about":[{"href":"https:\/\/www.diarioimagen.net\/index.php?rest_route=\/wp\/v2\/types\/attachment"}],"author":[{"embeddable":true,"href":"https:\/\/www.diarioimagen.net\/index.php?rest_route=\/wp\/v2\/users\/3"}],"replies":[{"embeddable":true,"href":"https:\/\/www.diarioimagen.net\/index.php?rest_route=%2Fwp%2Fv2%2Fcomments&post=608736"}]}}

<p>Ely Beatriz Quintana Becerril, titular de la Dirección de Desarrollo Económico, mencionó que la edición pasada se obtuvo una derrama económica de dos millones de pesos.</p>
