{"id":609404,"date":"2024-02-09T02:05:14","date_gmt":"2024-02-09T08:05:14","guid":{"rendered":"https:\/\/www.diarioimagen.net\/wp-content\/uploads\/2024\/02\/uaem-recibe.jpg"},"modified":"2024-02-09T02:05:18","modified_gmt":"2024-02-09T08:05:18","slug":"uaem-recibe-4","status":"inherit","type":"attachment","link":"https:\/\/www.diarioimagen.net\/?attachment_id=609404","title":{"rendered":"uaem-recibe"},"author":3,"featured_media":0,"comment_status":"open","ping_status":"closed","template":"","meta":{"_monsterinsights_skip_tracking":false,"_monsterinsights_sitenote_active":false,"_monsterinsights_sitenote_note":"","_monsterinsights_sitenote_category":0},"class_list":["post-609404","attachment","type-attachment","status-inherit","hentry"],"description":{"rendered":"<p class=\"attachment\"><a href='https:\/\/www.diarioimagen.net\/wp-content\/uploads\/2024\/02\/uaem-recibe.jpg'><img loading=\"lazy\" decoding=\"async\" width=\"240\" height=\"141\" src=\"https:\/\/www.diarioimagen.net\/wp-content\/uploads\/2024\/02\/uaem-recibe.jpg\" class=\"attachment-medium size-medium\" alt=\"\" \/><\/a><\/p>\n"},"caption":{"rendered":"<p>Se realiz\u00f3 la entrega de 15 equipos de c\u00f3mputo para el Laboratorio Digital de Idiomas, as\u00ed como 10 pianos digitales en beneficio del estudiantado de las licenciaturas en M\u00fasica, Estudios Cinematogr\u00e1ficos y Danza.<\/p>\n"},"alt_text":"","media_type":"image","mime_type":"image\/jpeg","media_details":{"width":460,"height":270,"file":"2024\/02\/uaem-recibe.jpg","filesize":68907,"sizes":{},"image_meta":{"aperture":"0","credit":"","camera":"","caption":"","created_timestamp":"0","copyright":"","focal_length":"0","iso":"0","shutter_speed":"0","title":"","orientation":"0","keywords":[]}},"post":609322,"source_url":"https:\/\/www.diarioimagen.net\/wp-content\/uploads\/2024\/02\/uaem-recibe.jpg","_links":{"self":[{"href":"https:\/\/www.diarioimagen.net\/index.php?rest_route=\/wp\/v2\/media\/609404","targetHints":{"allow":["GET"]}}],"collection":[{"href":"https:\/\/www.diarioimagen.net\/index.php?rest_route=\/wp\/v2\/media"}],"about":[{"href":"https:\/\/www.diarioimagen.net\/index.php?rest_route=\/wp\/v2\/types\/attachment"}],"author":[{"embeddable":true,"href":"https:\/\/www.diarioimagen.net\/index.php?rest_route=\/wp\/v2\/users\/3"}],"replies":[{"embeddable":true,"href":"https:\/\/www.diarioimagen.net\/index.php?rest_route=%2Fwp%2Fv2%2Fcomments&post=609404"}]}}

<p>Se realizó la entrega de 15 equipos de cómputo para el Laboratorio Digital de Idiomas, así como 10 pianos digitales en beneficio del estudiantado de las licenciaturas en Música, Estudios Cinematográficos y Danza.</p>
