{"id":610128,"date":"2024-02-16T03:56:24","date_gmt":"2024-02-16T09:56:24","guid":{"rendered":"https:\/\/www.diarioimagen.net\/wp-content\/uploads\/2024\/02\/record-historico-inversion.jpg"},"modified":"2024-02-16T03:56:28","modified_gmt":"2024-02-16T09:56:28","slug":"record-historico-inversion","status":"inherit","type":"attachment","link":"https:\/\/www.diarioimagen.net\/?attachment_id=610128","title":{"rendered":"record-historico-inversion"},"author":3,"featured_media":0,"comment_status":"open","ping_status":"closed","template":"","meta":{"_monsterinsights_skip_tracking":false},"class_list":["post-610128","attachment","type-attachment","status-inherit","hentry"],"description":{"rendered":"<p class=\"attachment\"><a href='https:\/\/www.diarioimagen.net\/wp-content\/uploads\/2024\/02\/record-historico-inversion.jpg'><img loading=\"lazy\" decoding=\"async\" width=\"240\" height=\"141\" src=\"https:\/\/www.diarioimagen.net\/wp-content\/uploads\/2024\/02\/record-historico-inversion.jpg\" class=\"attachment-medium size-medium\" alt=\"\" \/><\/a><\/p>\n"},"caption":{"rendered":"<p>La Secretar\u00eda de Econom\u00eda inform\u00f3 que, al cierre de 2023, la Inversi\u00f3n Extranjera Directa fue de 36 mil 058 millones de d\u00f3lares, monto 27 por ciento superior al cierre de 2022, el cual report\u00f3 28 mil 416 mdd, registrando con ello un m\u00e1ximo hist\u00f3rico.<\/p>\n"},"alt_text":"","media_type":"image","mime_type":"image\/jpeg","media_details":{"width":460,"height":270,"file":"2024\/02\/record-historico-inversion.jpg","filesize":82298,"sizes":{},"image_meta":{"aperture":"0","credit":"","camera":"","caption":"","created_timestamp":"0","copyright":"","focal_length":"0","iso":"0","shutter_speed":"0","title":"","orientation":"0","keywords":[]}},"post":610036,"source_url":"https:\/\/www.diarioimagen.net\/wp-content\/uploads\/2024\/02\/record-historico-inversion.jpg","_links":{"self":[{"href":"https:\/\/www.diarioimagen.net\/index.php?rest_route=\/wp\/v2\/media\/610128","targetHints":{"allow":["GET"]}}],"collection":[{"href":"https:\/\/www.diarioimagen.net\/index.php?rest_route=\/wp\/v2\/media"}],"about":[{"href":"https:\/\/www.diarioimagen.net\/index.php?rest_route=\/wp\/v2\/types\/attachment"}],"author":[{"embeddable":true,"href":"https:\/\/www.diarioimagen.net\/index.php?rest_route=\/wp\/v2\/users\/3"}],"replies":[{"embeddable":true,"href":"https:\/\/www.diarioimagen.net\/index.php?rest_route=%2Fwp%2Fv2%2Fcomments&post=610128"}]}}

<p>La Secretaría de Economía informó que, al cierre de 2023, la Inversión Extranjera Directa fue de 36 mil 058 millones de dólares, monto 27 por ciento superior al cierre de 2022, el cual reportó 28 mil 416 mdd, registrando con ello un máximo histórico.</p>
