{"id":610392,"date":"2024-02-20T02:15:48","date_gmt":"2024-02-20T08:15:48","guid":{"rendered":"https:\/\/www.diarioimagen.net\/wp-content\/uploads\/2024\/02\/gasolina-adulterada.jpg"},"modified":"2024-02-20T02:15:52","modified_gmt":"2024-02-20T08:15:52","slug":"gasolina-adulterada-2","status":"inherit","type":"attachment","link":"https:\/\/www.diarioimagen.net\/?attachment_id=610392","title":{"rendered":"gasolina-adulterada"},"author":3,"featured_media":0,"comment_status":"open","ping_status":"closed","template":"","meta":{"_monsterinsights_skip_tracking":false,"_monsterinsights_sitenote_active":false,"_monsterinsights_sitenote_note":"","_monsterinsights_sitenote_category":0},"class_list":["post-610392","attachment","type-attachment","status-inherit","hentry"],"description":{"rendered":"<p class=\"attachment\"><a href='https:\/\/www.diarioimagen.net\/wp-content\/uploads\/2024\/02\/gasolina-adulterada.jpg'><img loading=\"lazy\" decoding=\"async\" width=\"240\" height=\"141\" src=\"https:\/\/www.diarioimagen.net\/wp-content\/uploads\/2024\/02\/gasolina-adulterada.jpg\" class=\"attachment-medium size-medium\" alt=\"\" \/><\/a><\/p>\n"},"caption":{"rendered":"<p>Hasta 30% del total de las gasolinas que se venden en M\u00e9xico sufre adulteraci\u00f3n con qu\u00edmicos, principalmente alcoholes, que reducen su octanaje y provocan fallas y descomposturas en veh\u00edculos, seg\u00fan estudios.<\/p>\n"},"alt_text":"","media_type":"image","mime_type":"image\/jpeg","media_details":{"width":460,"height":270,"file":"2024\/02\/gasolina-adulterada.jpg","filesize":68518,"sizes":{},"image_meta":{"aperture":"0","credit":"","camera":"","caption":"","created_timestamp":"0","copyright":"","focal_length":"0","iso":"0","shutter_speed":"0","title":"","orientation":"0","keywords":[]}},"post":610339,"source_url":"https:\/\/www.diarioimagen.net\/wp-content\/uploads\/2024\/02\/gasolina-adulterada.jpg","_links":{"self":[{"href":"https:\/\/www.diarioimagen.net\/index.php?rest_route=\/wp\/v2\/media\/610392","targetHints":{"allow":["GET"]}}],"collection":[{"href":"https:\/\/www.diarioimagen.net\/index.php?rest_route=\/wp\/v2\/media"}],"about":[{"href":"https:\/\/www.diarioimagen.net\/index.php?rest_route=\/wp\/v2\/types\/attachment"}],"author":[{"embeddable":true,"href":"https:\/\/www.diarioimagen.net\/index.php?rest_route=\/wp\/v2\/users\/3"}],"replies":[{"embeddable":true,"href":"https:\/\/www.diarioimagen.net\/index.php?rest_route=%2Fwp%2Fv2%2Fcomments&post=610392"}]}}

<p>Hasta 30% del total de las gasolinas que se venden en México sufre adulteración con químicos, principalmente alcoholes, que reducen su octanaje y provocan fallas y descomposturas en vehículos, según estudios.</p>
