{"id":611365,"date":"2024-02-28T01:20:00","date_gmt":"2024-02-28T07:20:00","guid":{"rendered":"https:\/\/www.diarioimagen.net\/wp-content\/uploads\/2024\/02\/uaem-contribuye.jpg"},"modified":"2024-02-28T01:20:07","modified_gmt":"2024-02-28T07:20:07","slug":"uaem-contribuye-3","status":"inherit","type":"attachment","link":"https:\/\/www.diarioimagen.net\/?attachment_id=611365","title":{"rendered":"uaem-contribuye"},"author":3,"featured_media":0,"comment_status":"open","ping_status":"closed","template":"","meta":{"_monsterinsights_skip_tracking":false,"_monsterinsights_sitenote_active":false,"_monsterinsights_sitenote_note":"","_monsterinsights_sitenote_category":0},"class_list":["post-611365","attachment","type-attachment","status-inherit","hentry"],"description":{"rendered":"<p class=\"attachment\"><a href='https:\/\/www.diarioimagen.net\/wp-content\/uploads\/2024\/02\/uaem-contribuye.jpg'><img loading=\"lazy\" decoding=\"async\" width=\"240\" height=\"141\" src=\"https:\/\/www.diarioimagen.net\/wp-content\/uploads\/2024\/02\/uaem-contribuye.jpg\" class=\"attachment-medium size-medium\" alt=\"\" \/><\/a><\/p>\n"},"caption":{"rendered":"<p>En el marco del D\u00eda Internacional de la Lengua Materna, el Teatro Isabelino \u201cAntonio Hern\u00e1ndez Zimbr\u00f3n\u201d se convirti\u00f3 en el lugar de proyecci\u00f3n de estos corto y largometrajes exhibidos en tres idiomas diferentes: espa\u00f1ol, ingl\u00e9s y tarahumara (Ral\u00e1muli raicha).<\/p>\n"},"alt_text":"","media_type":"image","mime_type":"image\/jpeg","media_details":{"width":460,"height":270,"file":"2024\/02\/uaem-contribuye.jpg","filesize":40216,"sizes":{},"image_meta":{"aperture":"0","credit":"","camera":"","caption":"","created_timestamp":"0","copyright":"","focal_length":"0","iso":"0","shutter_speed":"0","title":"","orientation":"0","keywords":[]}},"post":611283,"source_url":"https:\/\/www.diarioimagen.net\/wp-content\/uploads\/2024\/02\/uaem-contribuye.jpg","_links":{"self":[{"href":"https:\/\/www.diarioimagen.net\/index.php?rest_route=\/wp\/v2\/media\/611365","targetHints":{"allow":["GET"]}}],"collection":[{"href":"https:\/\/www.diarioimagen.net\/index.php?rest_route=\/wp\/v2\/media"}],"about":[{"href":"https:\/\/www.diarioimagen.net\/index.php?rest_route=\/wp\/v2\/types\/attachment"}],"author":[{"embeddable":true,"href":"https:\/\/www.diarioimagen.net\/index.php?rest_route=\/wp\/v2\/users\/3"}],"replies":[{"embeddable":true,"href":"https:\/\/www.diarioimagen.net\/index.php?rest_route=%2Fwp%2Fv2%2Fcomments&post=611365"}]}}

<p>En el marco del Día Internacional de la Lengua Materna, el Teatro Isabelino “Antonio Hernández Zimbrón” se convirtió en el lugar de proyección de estos corto y largometrajes exhibidos en tres idiomas diferentes: español, inglés y tarahumara (Ralámuli raicha).</p>
