{"id":611516,"date":"2024-02-29T01:55:12","date_gmt":"2024-02-29T07:55:12","guid":{"rendered":"https:\/\/www.diarioimagen.net\/wp-content\/uploads\/2024\/02\/tribunal-10.jpg"},"modified":"2024-02-29T01:55:16","modified_gmt":"2024-02-29T07:55:16","slug":"tribunal-401","status":"inherit","type":"attachment","link":"https:\/\/www.diarioimagen.net\/?attachment_id=611516","title":{"rendered":"tribunal"},"author":3,"featured_media":0,"comment_status":"open","ping_status":"closed","template":"","meta":{"_monsterinsights_skip_tracking":false,"_monsterinsights_sitenote_active":false,"_monsterinsights_sitenote_note":"","_monsterinsights_sitenote_category":0},"class_list":["post-611516","attachment","type-attachment","status-inherit","hentry"],"description":{"rendered":"<p class=\"attachment\"><a href='https:\/\/www.diarioimagen.net\/wp-content\/uploads\/2024\/02\/tribunal-10.jpg'><img loading=\"lazy\" decoding=\"async\" width=\"240\" height=\"141\" src=\"https:\/\/www.diarioimagen.net\/wp-content\/uploads\/2024\/02\/tribunal-10.jpg\" class=\"attachment-medium size-medium\" alt=\"\" \/><\/a><\/p>\n"},"caption":{"rendered":"<p>A cargo de la Direcci\u00f3n General de Anales de Jurisprudencia y Bolet\u00edn Judicial, hoy mi\u00e9rcoles y ma\u00f1ana jueves se instalar\u00e1 en la sede del \u00f3rgano judicial del Reclusorio Oriente.<\/p>\n"},"alt_text":"","media_type":"image","mime_type":"image\/jpeg","media_details":{"width":460,"height":270,"file":"2024\/02\/tribunal-10.jpg","filesize":64390,"sizes":{},"image_meta":{"aperture":"0","credit":"","camera":"","caption":"","created_timestamp":"0","copyright":"","focal_length":"0","iso":"0","shutter_speed":"0","title":"","orientation":"0","keywords":[]}},"post":611431,"source_url":"https:\/\/www.diarioimagen.net\/wp-content\/uploads\/2024\/02\/tribunal-10.jpg","_links":{"self":[{"href":"https:\/\/www.diarioimagen.net\/index.php?rest_route=\/wp\/v2\/media\/611516","targetHints":{"allow":["GET"]}}],"collection":[{"href":"https:\/\/www.diarioimagen.net\/index.php?rest_route=\/wp\/v2\/media"}],"about":[{"href":"https:\/\/www.diarioimagen.net\/index.php?rest_route=\/wp\/v2\/types\/attachment"}],"author":[{"embeddable":true,"href":"https:\/\/www.diarioimagen.net\/index.php?rest_route=\/wp\/v2\/users\/3"}],"replies":[{"embeddable":true,"href":"https:\/\/www.diarioimagen.net\/index.php?rest_route=%2Fwp%2Fv2%2Fcomments&post=611516"}]}}

<p>A cargo de la Dirección General de Anales de Jurisprudencia y Boletín Judicial, hoy miércoles y mañana jueves se instalará en la sede del órgano judicial del Reclusorio Oriente.</p>
