{"id":611523,"date":"2024-02-29T01:57:53","date_gmt":"2024-02-29T07:57:53","guid":{"rendered":"https:\/\/www.diarioimagen.net\/wp-content\/uploads\/2024\/02\/inauguran-tramo-cancun-playa.jpg"},"modified":"2024-02-29T01:57:57","modified_gmt":"2024-02-29T07:57:57","slug":"inauguran-tramo-cancun-playa","status":"inherit","type":"attachment","link":"https:\/\/www.diarioimagen.net\/?attachment_id=611523","title":{"rendered":"inauguran-tramo-cancun-playa"},"author":3,"featured_media":0,"comment_status":"open","ping_status":"closed","template":"","meta":{"_monsterinsights_skip_tracking":false,"_monsterinsights_sitenote_active":false,"_monsterinsights_sitenote_note":"","_monsterinsights_sitenote_category":0},"class_list":["post-611523","attachment","type-attachment","status-inherit","hentry"],"description":{"rendered":"<p class=\"attachment\"><a href='https:\/\/www.diarioimagen.net\/wp-content\/uploads\/2024\/02\/inauguran-tramo-cancun-playa.jpg'><img loading=\"lazy\" decoding=\"async\" width=\"240\" height=\"141\" src=\"https:\/\/www.diarioimagen.net\/wp-content\/uploads\/2024\/02\/inauguran-tramo-cancun-playa.jpg\" class=\"attachment-medium size-medium\" alt=\"\" \/><\/a><\/p>\n"},"caption":{"rendered":"<p>El presidente Andr\u00e9s Manuel L\u00f3pez Obrador arribar\u00e1 este jueves a Quintana Roo para inaugurar el tramo Canc\u00fan-Playa del Carmen del Tren Maya.<\/p>\n"},"alt_text":"","media_type":"image","mime_type":"image\/jpeg","media_details":{"width":460,"height":270,"file":"2024\/02\/inauguran-tramo-cancun-playa.jpg","filesize":49876,"sizes":{},"image_meta":{"aperture":"0","credit":"","camera":"","caption":"","created_timestamp":"0","copyright":"","focal_length":"0","iso":"0","shutter_speed":"0","title":"","orientation":"0","keywords":[]}},"post":611457,"source_url":"https:\/\/www.diarioimagen.net\/wp-content\/uploads\/2024\/02\/inauguran-tramo-cancun-playa.jpg","_links":{"self":[{"href":"https:\/\/www.diarioimagen.net\/index.php?rest_route=\/wp\/v2\/media\/611523","targetHints":{"allow":["GET"]}}],"collection":[{"href":"https:\/\/www.diarioimagen.net\/index.php?rest_route=\/wp\/v2\/media"}],"about":[{"href":"https:\/\/www.diarioimagen.net\/index.php?rest_route=\/wp\/v2\/types\/attachment"}],"author":[{"embeddable":true,"href":"https:\/\/www.diarioimagen.net\/index.php?rest_route=\/wp\/v2\/users\/3"}],"replies":[{"embeddable":true,"href":"https:\/\/www.diarioimagen.net\/index.php?rest_route=%2Fwp%2Fv2%2Fcomments&post=611523"}]}}

<p>El presidente Andrés Manuel López Obrador arribará este jueves a Quintana Roo para inaugurar el tramo Cancún-Playa del Carmen del Tren Maya.</p>
