{"id":611840,"date":"2024-03-04T01:15:15","date_gmt":"2024-03-04T07:15:15","guid":{"rendered":"https:\/\/www.diarioimagen.net\/wp-content\/uploads\/2024\/03\/inicio-enrique.jpg"},"modified":"2024-03-04T01:15:20","modified_gmt":"2024-03-04T07:15:20","slug":"inicio-enrique","status":"inherit","type":"attachment","link":"https:\/\/www.diarioimagen.net\/?attachment_id=611840","title":{"rendered":"inicio-enrique"},"author":3,"featured_media":0,"comment_status":"open","ping_status":"closed","template":"","meta":{"_monsterinsights_skip_tracking":false,"_monsterinsights_sitenote_active":false,"_monsterinsights_sitenote_note":"","_monsterinsights_sitenote_category":0},"class_list":["post-611840","attachment","type-attachment","status-inherit","hentry"],"description":{"rendered":"<p class=\"attachment\"><a href='https:\/\/www.diarioimagen.net\/wp-content\/uploads\/2024\/03\/inicio-enrique.jpg'><img loading=\"lazy\" decoding=\"async\" width=\"240\" height=\"141\" src=\"https:\/\/www.diarioimagen.net\/wp-content\/uploads\/2024\/03\/inicio-enrique.jpg\" class=\"attachment-medium size-medium\" alt=\"\" \/><\/a><\/p>\n"},"caption":{"rendered":"<p>Enrique Vargas del Villar inici\u00f3 su campa\u00f1a en el municipio de Coacalco en su lucha por un esca\u00f1o en el Senado de la Rep\u00fablica.<\/p>\n"},"alt_text":"","media_type":"image","mime_type":"image\/jpeg","media_details":{"width":460,"height":270,"file":"2024\/03\/inicio-enrique.jpg","filesize":47695,"sizes":{},"image_meta":{"aperture":"0","credit":"","camera":"","caption":"","created_timestamp":"0","copyright":"","focal_length":"0","iso":"0","shutter_speed":"0","title":"","orientation":"0","keywords":[]}},"post":611721,"source_url":"https:\/\/www.diarioimagen.net\/wp-content\/uploads\/2024\/03\/inicio-enrique.jpg","_links":{"self":[{"href":"https:\/\/www.diarioimagen.net\/index.php?rest_route=\/wp\/v2\/media\/611840","targetHints":{"allow":["GET"]}}],"collection":[{"href":"https:\/\/www.diarioimagen.net\/index.php?rest_route=\/wp\/v2\/media"}],"about":[{"href":"https:\/\/www.diarioimagen.net\/index.php?rest_route=\/wp\/v2\/types\/attachment"}],"author":[{"embeddable":true,"href":"https:\/\/www.diarioimagen.net\/index.php?rest_route=\/wp\/v2\/users\/3"}],"replies":[{"embeddable":true,"href":"https:\/\/www.diarioimagen.net\/index.php?rest_route=%2Fwp%2Fv2%2Fcomments&post=611840"}]}}

<p>Enrique Vargas del Villar inició su campaña en el municipio de Coacalco en su lucha por un escaño en el Senado de la República.</p>
