{"id":611946,"date":"2024-03-05T01:44:00","date_gmt":"2024-03-05T07:44:00","guid":{"rendered":"https:\/\/www.diarioimagen.net\/wp-content\/uploads\/2024\/03\/Derecho.jpg"},"modified":"2024-03-05T01:44:04","modified_gmt":"2024-03-05T07:44:04","slug":"derecho-837","status":"inherit","type":"attachment","link":"https:\/\/www.diarioimagen.net\/?attachment_id=611946","title":{"rendered":"Derecho"},"author":3,"featured_media":0,"comment_status":"open","ping_status":"closed","template":"","meta":{"_monsterinsights_skip_tracking":false,"_monsterinsights_sitenote_active":false,"_monsterinsights_sitenote_note":"","_monsterinsights_sitenote_category":0},"class_list":["post-611946","attachment","type-attachment","status-inherit","hentry"],"description":{"rendered":"<p class=\"attachment\"><a href='https:\/\/www.diarioimagen.net\/wp-content\/uploads\/2024\/03\/Derecho.jpg'><img loading=\"lazy\" decoding=\"async\" width=\"240\" height=\"141\" src=\"https:\/\/www.diarioimagen.net\/wp-content\/uploads\/2024\/03\/Derecho.jpg\" class=\"attachment-medium size-medium\" alt=\"\" \/><\/a><\/p>\n"},"caption":{"rendered":"<p>La actual primera edil de Benito Ju\u00e1rez, Ana Patricia Peralta, tiene pr\u00e1cticamente el dos a uno sobre la senadora Villegas Canch\u00e9, quien solicit\u00f3 licencia para competir por tercera vez por la preciada alcald\u00eda.<\/p>\n"},"alt_text":"","media_type":"image","mime_type":"image\/jpeg","media_details":{"width":460,"height":270,"file":"2024\/03\/Derecho.jpg","filesize":53926,"sizes":{},"image_meta":{"aperture":"0","credit":"","camera":"","caption":"","created_timestamp":"0","copyright":"","focal_length":"0","iso":"0","shutter_speed":"0","title":"","orientation":"0","keywords":[]}},"post":611886,"source_url":"https:\/\/www.diarioimagen.net\/wp-content\/uploads\/2024\/03\/Derecho.jpg","_links":{"self":[{"href":"https:\/\/www.diarioimagen.net\/index.php?rest_route=\/wp\/v2\/media\/611946","targetHints":{"allow":["GET"]}}],"collection":[{"href":"https:\/\/www.diarioimagen.net\/index.php?rest_route=\/wp\/v2\/media"}],"about":[{"href":"https:\/\/www.diarioimagen.net\/index.php?rest_route=\/wp\/v2\/types\/attachment"}],"author":[{"embeddable":true,"href":"https:\/\/www.diarioimagen.net\/index.php?rest_route=\/wp\/v2\/users\/3"}],"replies":[{"embeddable":true,"href":"https:\/\/www.diarioimagen.net\/index.php?rest_route=%2Fwp%2Fv2%2Fcomments&post=611946"}]}}

<p>La actual primera edil de Benito Juárez, Ana Patricia Peralta, tiene prácticamente el dos a uno sobre la senadora Villegas Canché, quien solicitó licencia para competir por tercera vez por la preciada alcaldía.</p>
