{"id":612089,"date":"2024-03-06T02:34:33","date_gmt":"2024-03-06T08:34:33","guid":{"rendered":"https:\/\/www.diarioimagen.net\/wp-content\/uploads\/2024\/03\/Vacuna-menores.jpg"},"modified":"2024-03-06T02:34:38","modified_gmt":"2024-03-06T08:34:38","slug":"vacuna-menores-4","status":"inherit","type":"attachment","link":"https:\/\/www.diarioimagen.net\/?attachment_id=612089","title":{"rendered":"Vacuna-menores"},"author":3,"featured_media":0,"comment_status":"open","ping_status":"closed","template":"","meta":{"_monsterinsights_skip_tracking":false,"_monsterinsights_sitenote_active":false,"_monsterinsights_sitenote_note":"","_monsterinsights_sitenote_category":0},"class_list":["post-612089","attachment","type-attachment","status-inherit","hentry"],"description":{"rendered":"<p class=\"attachment\"><a href='https:\/\/www.diarioimagen.net\/wp-content\/uploads\/2024\/03\/Vacuna-menores.jpg'><img loading=\"lazy\" decoding=\"async\" width=\"240\" height=\"141\" src=\"https:\/\/www.diarioimagen.net\/wp-content\/uploads\/2024\/03\/Vacuna-menores.jpg\" class=\"attachment-medium size-medium\" alt=\"\" \/><\/a><\/p>\n"},"caption":{"rendered":"<p>En M\u00e9xico, el 74 por ciento de los ni\u00f1os de 2 a\u00f1os, y el 40 por ciento de un a\u00f1o, carecen de esquema completo de vacunaci\u00f3n, de acuerdo con la \u00faltima Encuesta Nacional de Salud.<\/p>\n"},"alt_text":"","media_type":"image","mime_type":"image\/jpeg","media_details":{"width":460,"height":270,"file":"2024\/03\/Vacuna-menores.jpg","filesize":66583,"sizes":{},"image_meta":{"aperture":"0","credit":"","camera":"","caption":"","created_timestamp":"0","copyright":"","focal_length":"0","iso":"0","shutter_speed":"0","title":"","orientation":"0","keywords":[]}},"post":611997,"source_url":"https:\/\/www.diarioimagen.net\/wp-content\/uploads\/2024\/03\/Vacuna-menores.jpg","_links":{"self":[{"href":"https:\/\/www.diarioimagen.net\/index.php?rest_route=\/wp\/v2\/media\/612089","targetHints":{"allow":["GET"]}}],"collection":[{"href":"https:\/\/www.diarioimagen.net\/index.php?rest_route=\/wp\/v2\/media"}],"about":[{"href":"https:\/\/www.diarioimagen.net\/index.php?rest_route=\/wp\/v2\/types\/attachment"}],"author":[{"embeddable":true,"href":"https:\/\/www.diarioimagen.net\/index.php?rest_route=\/wp\/v2\/users\/3"}],"replies":[{"embeddable":true,"href":"https:\/\/www.diarioimagen.net\/index.php?rest_route=%2Fwp%2Fv2%2Fcomments&post=612089"}]}}

<p>En México, el 74 por ciento de los niños de 2 años, y el 40 por ciento de un año, carecen de esquema completo de vacunación, de acuerdo con la última Encuesta Nacional de Salud.</p>
