{"id":612395,"date":"2024-03-08T01:42:50","date_gmt":"2024-03-08T07:42:50","guid":{"rendered":"https:\/\/www.diarioimagen.net\/wp-content\/uploads\/2024\/03\/aumento-drogas.jpg"},"modified":"2024-03-08T01:42:54","modified_gmt":"2024-03-08T07:42:54","slug":"aumento-drogas","status":"inherit","type":"attachment","link":"https:\/\/www.diarioimagen.net\/?attachment_id=612395","title":{"rendered":"aumento-drogas"},"author":3,"featured_media":0,"comment_status":"open","ping_status":"closed","template":"","meta":{"_monsterinsights_skip_tracking":false,"_monsterinsights_sitenote_active":false,"_monsterinsights_sitenote_note":"","_monsterinsights_sitenote_category":0},"class_list":["post-612395","attachment","type-attachment","status-inherit","hentry"],"description":{"rendered":"<p class=\"attachment\"><a href='https:\/\/www.diarioimagen.net\/wp-content\/uploads\/2024\/03\/aumento-drogas.jpg'><img loading=\"lazy\" decoding=\"async\" width=\"240\" height=\"141\" src=\"https:\/\/www.diarioimagen.net\/wp-content\/uploads\/2024\/03\/aumento-drogas.jpg\" class=\"attachment-medium size-medium\" alt=\"\" \/><\/a><\/p>\n"},"caption":{"rendered":"<p>Aument\u00f3 en M\u00e9xico el consumo de drogas sint\u00e9ticas en los \u00faltimos cinco a\u00f1os ante su mayor disponibilidad y menor costo, reconoce la Secretar\u00eda de Salud federal.<\/p>\n"},"alt_text":"","media_type":"image","mime_type":"image\/jpeg","media_details":{"width":460,"height":270,"file":"2024\/03\/aumento-drogas.jpg","filesize":70190,"sizes":{},"image_meta":{"aperture":"0","credit":"","camera":"","caption":"","created_timestamp":"0","copyright":"","focal_length":"0","iso":"0","shutter_speed":"0","title":"","orientation":"0","keywords":[]}},"post":612299,"source_url":"https:\/\/www.diarioimagen.net\/wp-content\/uploads\/2024\/03\/aumento-drogas.jpg","_links":{"self":[{"href":"https:\/\/www.diarioimagen.net\/index.php?rest_route=\/wp\/v2\/media\/612395","targetHints":{"allow":["GET"]}}],"collection":[{"href":"https:\/\/www.diarioimagen.net\/index.php?rest_route=\/wp\/v2\/media"}],"about":[{"href":"https:\/\/www.diarioimagen.net\/index.php?rest_route=\/wp\/v2\/types\/attachment"}],"author":[{"embeddable":true,"href":"https:\/\/www.diarioimagen.net\/index.php?rest_route=\/wp\/v2\/users\/3"}],"replies":[{"embeddable":true,"href":"https:\/\/www.diarioimagen.net\/index.php?rest_route=%2Fwp%2Fv2%2Fcomments&post=612395"}]}}

<p>Aumentó en México el consumo de drogas sintéticas en los últimos cinco años ante su mayor disponibilidad y menor costo, reconoce la Secretaría de Salud federal.</p>
