{"id":612576,"date":"2024-03-11T01:29:11","date_gmt":"2024-03-11T07:29:11","guid":{"rendered":"https:\/\/www.diarioimagen.net\/wp-content\/uploads\/2024\/03\/AUTOS-CHOCOLATE.jpg"},"modified":"2024-03-11T01:29:17","modified_gmt":"2024-03-11T07:29:17","slug":"autos-chocolate-10","status":"inherit","type":"attachment","link":"https:\/\/www.diarioimagen.net\/?attachment_id=612576","title":{"rendered":"AUTOS-CHOCOLATE"},"author":3,"featured_media":0,"comment_status":"open","ping_status":"closed","template":"","meta":{"_monsterinsights_skip_tracking":false,"_monsterinsights_sitenote_active":false,"_monsterinsights_sitenote_note":"","_monsterinsights_sitenote_category":0},"class_list":["post-612576","attachment","type-attachment","status-inherit","hentry"],"description":{"rendered":"<p class=\"attachment\"><a href='https:\/\/www.diarioimagen.net\/wp-content\/uploads\/2024\/03\/AUTOS-CHOCOLATE.jpg'><img loading=\"lazy\" decoding=\"async\" width=\"240\" height=\"141\" src=\"https:\/\/www.diarioimagen.net\/wp-content\/uploads\/2024\/03\/AUTOS-CHOCOLATE.jpg\" class=\"attachment-medium size-medium\" alt=\"\" \/><\/a><\/p>\n"},"caption":{"rendered":"<p>La Asociaci\u00f3n Mexicana de Distribuidores de Automotores se\u00f1al\u00f3 la ineficiencia del programa de regularizaci\u00f3n de veh\u00edculos \u201cchocolate\u201d y acus\u00f3 que s\u00f3lo beneficia a grupos criminales.<\/p>\n"},"alt_text":"","media_type":"image","mime_type":"image\/jpeg","media_details":{"width":460,"height":270,"file":"2024\/03\/AUTOS-CHOCOLATE.jpg","filesize":63642,"sizes":{},"image_meta":{"aperture":"0","credit":"","camera":"","caption":"","created_timestamp":"0","copyright":"","focal_length":"0","iso":"0","shutter_speed":"0","title":"","orientation":"0","keywords":[]}},"post":612495,"source_url":"https:\/\/www.diarioimagen.net\/wp-content\/uploads\/2024\/03\/AUTOS-CHOCOLATE.jpg","_links":{"self":[{"href":"https:\/\/www.diarioimagen.net\/index.php?rest_route=\/wp\/v2\/media\/612576","targetHints":{"allow":["GET"]}}],"collection":[{"href":"https:\/\/www.diarioimagen.net\/index.php?rest_route=\/wp\/v2\/media"}],"about":[{"href":"https:\/\/www.diarioimagen.net\/index.php?rest_route=\/wp\/v2\/types\/attachment"}],"author":[{"embeddable":true,"href":"https:\/\/www.diarioimagen.net\/index.php?rest_route=\/wp\/v2\/users\/3"}],"replies":[{"embeddable":true,"href":"https:\/\/www.diarioimagen.net\/index.php?rest_route=%2Fwp%2Fv2%2Fcomments&post=612576"}]}}

<p>La Asociación Mexicana de Distribuidores de Automotores señaló la ineficiencia del programa de regularización de vehículos “chocolate” y acusó que sólo beneficia a grupos criminales.</p>
