{"id":612578,"date":"2024-03-11T01:31:19","date_gmt":"2024-03-11T07:31:19","guid":{"rendered":"https:\/\/www.diarioimagen.net\/wp-content\/uploads\/2024\/03\/auemtaron-robos.jpg"},"modified":"2024-03-11T01:31:23","modified_gmt":"2024-03-11T07:31:23","slug":"auemtaron-robos","status":"inherit","type":"attachment","link":"https:\/\/www.diarioimagen.net\/?attachment_id=612578","title":{"rendered":"auemtaron-robos"},"author":3,"featured_media":0,"comment_status":"open","ping_status":"closed","template":"","meta":{"_monsterinsights_skip_tracking":false,"_monsterinsights_sitenote_active":false,"_monsterinsights_sitenote_note":"","_monsterinsights_sitenote_category":0},"class_list":["post-612578","attachment","type-attachment","status-inherit","hentry"],"description":{"rendered":"<p class=\"attachment\"><a href='https:\/\/www.diarioimagen.net\/wp-content\/uploads\/2024\/03\/auemtaron-robos.jpg'><img loading=\"lazy\" decoding=\"async\" width=\"240\" height=\"141\" src=\"https:\/\/www.diarioimagen.net\/wp-content\/uploads\/2024\/03\/auemtaron-robos.jpg\" class=\"attachment-medium size-medium\" alt=\"\" \/><\/a><\/p>\n"},"caption":{"rendered":"<p>El delito de robo a negocio con violencia se dispar\u00f3 en este gobierno, con lo cual ya super\u00f3 a todos sus antecesores y se coloc\u00f3 como el sexenio con el mayor \u00edndice de este tipo de il\u00edcito.<\/p>\n"},"alt_text":"","media_type":"image","mime_type":"image\/jpeg","media_details":{"width":460,"height":270,"file":"2024\/03\/auemtaron-robos.jpg","filesize":79325,"sizes":{},"image_meta":{"aperture":"0","credit":"","camera":"","caption":"","created_timestamp":"0","copyright":"","focal_length":"0","iso":"0","shutter_speed":"0","title":"","orientation":"0","keywords":[]}},"post":612497,"source_url":"https:\/\/www.diarioimagen.net\/wp-content\/uploads\/2024\/03\/auemtaron-robos.jpg","_links":{"self":[{"href":"https:\/\/www.diarioimagen.net\/index.php?rest_route=\/wp\/v2\/media\/612578","targetHints":{"allow":["GET"]}}],"collection":[{"href":"https:\/\/www.diarioimagen.net\/index.php?rest_route=\/wp\/v2\/media"}],"about":[{"href":"https:\/\/www.diarioimagen.net\/index.php?rest_route=\/wp\/v2\/types\/attachment"}],"author":[{"embeddable":true,"href":"https:\/\/www.diarioimagen.net\/index.php?rest_route=\/wp\/v2\/users\/3"}],"replies":[{"embeddable":true,"href":"https:\/\/www.diarioimagen.net\/index.php?rest_route=%2Fwp%2Fv2%2Fcomments&post=612578"}]}}

<p>El delito de robo a negocio con violencia se disparó en este gobierno, con lo cual ya superó a todos sus antecesores y se colocó como el sexenio con el mayor índice de este tipo de ilícito.</p>
