{"id":612707,"date":"2024-03-12T00:14:24","date_gmt":"2024-03-12T06:14:24","guid":{"rendered":"https:\/\/www.diarioimagen.net\/wp-content\/uploads\/2024\/03\/uaem-dali.jpg"},"modified":"2024-03-12T00:14:31","modified_gmt":"2024-03-12T06:14:31","slug":"uaem-dali","status":"inherit","type":"attachment","link":"https:\/\/www.diarioimagen.net\/?attachment_id=612707","title":{"rendered":"uaem-dali"},"author":3,"featured_media":0,"comment_status":"open","ping_status":"closed","template":"","meta":{"_monsterinsights_skip_tracking":false,"_monsterinsights_sitenote_active":false,"_monsterinsights_sitenote_note":"","_monsterinsights_sitenote_category":0},"class_list":["post-612707","attachment","type-attachment","status-inherit","hentry"],"description":{"rendered":"<p class=\"attachment\"><a href='https:\/\/www.diarioimagen.net\/wp-content\/uploads\/2024\/03\/uaem-dali.jpg'><img loading=\"lazy\" decoding=\"async\" width=\"240\" height=\"141\" src=\"https:\/\/www.diarioimagen.net\/wp-content\/uploads\/2024\/03\/uaem-dali.jpg\" class=\"attachment-medium size-medium\" alt=\"\" \/><\/a><\/p>\n"},"caption":{"rendered":"<p>Estar\u00e1 abierta a la comunidad universitaria y p\u00fablico en general hasta el 30 de abril, en la Galer\u00eda Universitaria \u201cFernando Cano\u201d, ubicada en el Edificio de Rector\u00eda, en un horario de 10 a 18 horas, lunes a viernes, y de 10 a 17 horas, s\u00e1bados y domingos.<\/p>\n"},"alt_text":"","media_type":"image","mime_type":"image\/jpeg","media_details":{"width":460,"height":270,"file":"2024\/03\/uaem-dali.jpg","filesize":164414,"sizes":{},"image_meta":{"aperture":"0","credit":"","camera":"","caption":"","created_timestamp":"0","copyright":"","focal_length":"0","iso":"0","shutter_speed":"0","title":"","orientation":"0","keywords":[]}},"post":612636,"source_url":"https:\/\/www.diarioimagen.net\/wp-content\/uploads\/2024\/03\/uaem-dali.jpg","_links":{"self":[{"href":"https:\/\/www.diarioimagen.net\/index.php?rest_route=\/wp\/v2\/media\/612707","targetHints":{"allow":["GET"]}}],"collection":[{"href":"https:\/\/www.diarioimagen.net\/index.php?rest_route=\/wp\/v2\/media"}],"about":[{"href":"https:\/\/www.diarioimagen.net\/index.php?rest_route=\/wp\/v2\/types\/attachment"}],"author":[{"embeddable":true,"href":"https:\/\/www.diarioimagen.net\/index.php?rest_route=\/wp\/v2\/users\/3"}],"replies":[{"embeddable":true,"href":"https:\/\/www.diarioimagen.net\/index.php?rest_route=%2Fwp%2Fv2%2Fcomments&post=612707"}]}}

<p>Estará abierta a la comunidad universitaria y público en general hasta el 30 de abril, en la Galería Universitaria “Fernando Cano”, ubicada en el Edificio de Rectoría, en un horario de 10 a 18 horas, lunes a viernes, y de 10 a 17 horas, sábados y domingos.</p>
