{"id":612714,"date":"2024-03-12T00:19:19","date_gmt":"2024-03-12T06:19:19","guid":{"rendered":"https:\/\/www.diarioimagen.net\/wp-content\/uploads\/2024\/03\/consultorios-farmacias.jpg"},"modified":"2024-03-12T00:19:26","modified_gmt":"2024-03-12T06:19:26","slug":"consultorios-farmacias","status":"inherit","type":"attachment","link":"https:\/\/www.diarioimagen.net\/?attachment_id=612714","title":{"rendered":"consultorios-farmacias"},"author":3,"featured_media":0,"comment_status":"open","ping_status":"closed","template":"","meta":{"_monsterinsights_skip_tracking":false,"_monsterinsights_sitenote_active":false,"_monsterinsights_sitenote_note":"","_monsterinsights_sitenote_category":0},"class_list":["post-612714","attachment","type-attachment","status-inherit","hentry"],"description":{"rendered":"<p class=\"attachment\"><a href='https:\/\/www.diarioimagen.net\/wp-content\/uploads\/2024\/03\/consultorios-farmacias.jpg'><img loading=\"lazy\" decoding=\"async\" width=\"240\" height=\"141\" src=\"https:\/\/www.diarioimagen.net\/wp-content\/uploads\/2024\/03\/consultorios-farmacias.jpg\" class=\"attachment-medium size-medium\" alt=\"\" \/><\/a><\/p>\n"},"caption":{"rendered":"<p>La mayor\u00eda de los m\u00e9dicos que atienden en consultorios de farmacias se encuentran en una situaci\u00f3n de precariedad laboral y sin un salario fijo.<\/p>\n"},"alt_text":"","media_type":"image","mime_type":"image\/jpeg","media_details":{"width":460,"height":270,"file":"2024\/03\/consultorios-farmacias.jpg","filesize":107051,"sizes":{},"image_meta":{"aperture":"0","credit":"","camera":"","caption":"","created_timestamp":"0","copyright":"","focal_length":"0","iso":"0","shutter_speed":"0","title":"","orientation":"0","keywords":[]}},"post":612632,"source_url":"https:\/\/www.diarioimagen.net\/wp-content\/uploads\/2024\/03\/consultorios-farmacias.jpg","_links":{"self":[{"href":"https:\/\/www.diarioimagen.net\/index.php?rest_route=\/wp\/v2\/media\/612714","targetHints":{"allow":["GET"]}}],"collection":[{"href":"https:\/\/www.diarioimagen.net\/index.php?rest_route=\/wp\/v2\/media"}],"about":[{"href":"https:\/\/www.diarioimagen.net\/index.php?rest_route=\/wp\/v2\/types\/attachment"}],"author":[{"embeddable":true,"href":"https:\/\/www.diarioimagen.net\/index.php?rest_route=\/wp\/v2\/users\/3"}],"replies":[{"embeddable":true,"href":"https:\/\/www.diarioimagen.net\/index.php?rest_route=%2Fwp%2Fv2%2Fcomments&post=612714"}]}}

<p>La mayoría de los médicos que atienden en consultorios de farmacias se encuentran en una situación de precariedad laboral y sin un salario fijo.</p>
