{"id":612852,"date":"2024-03-13T00:27:49","date_gmt":"2024-03-13T06:27:49","guid":{"rendered":"https:\/\/www.diarioimagen.net\/wp-content\/uploads\/2024\/03\/Tribunal-1.jpg"},"modified":"2024-03-13T00:27:54","modified_gmt":"2024-03-13T06:27:54","slug":"tribunal-408","status":"inherit","type":"attachment","link":"https:\/\/www.diarioimagen.net\/?attachment_id=612852","title":{"rendered":"Tribunal"},"author":3,"featured_media":0,"comment_status":"open","ping_status":"closed","template":"","meta":{"_monsterinsights_skip_tracking":false,"_monsterinsights_sitenote_active":false,"_monsterinsights_sitenote_note":"","_monsterinsights_sitenote_category":0},"class_list":["post-612852","attachment","type-attachment","status-inherit","hentry"],"description":{"rendered":"<p class=\"attachment\"><a href='https:\/\/www.diarioimagen.net\/wp-content\/uploads\/2024\/03\/Tribunal-1.jpg'><img loading=\"lazy\" decoding=\"async\" width=\"240\" height=\"141\" src=\"https:\/\/www.diarioimagen.net\/wp-content\/uploads\/2024\/03\/Tribunal-1.jpg\" class=\"attachment-medium size-medium\" alt=\"\" \/><\/a><\/p>\n"},"caption":{"rendered":"<p>Adem\u00e1s de las medidas cautelares impuestas por juezas y jueces de control a las personas imputadas de un delito, tambi\u00e9n vigilan el cumplimiento de condiciones, cuyo prop\u00f3sito es asegurar la presencia de \u00e9stas en el proceso penal, garantizar la seguridad de las partes y evitar la obstaculizaci\u00f3n del procedimiento.<\/p>\n"},"alt_text":"","media_type":"image","mime_type":"image\/jpeg","media_details":{"width":460,"height":270,"file":"2024\/03\/Tribunal-1.jpg","filesize":58676,"sizes":{},"image_meta":{"aperture":"0","credit":"","camera":"","caption":"","created_timestamp":"0","copyright":"","focal_length":"0","iso":"0","shutter_speed":"0","title":"","orientation":"0","keywords":[]}},"post":612755,"source_url":"https:\/\/www.diarioimagen.net\/wp-content\/uploads\/2024\/03\/Tribunal-1.jpg","_links":{"self":[{"href":"https:\/\/www.diarioimagen.net\/index.php?rest_route=\/wp\/v2\/media\/612852","targetHints":{"allow":["GET"]}}],"collection":[{"href":"https:\/\/www.diarioimagen.net\/index.php?rest_route=\/wp\/v2\/media"}],"about":[{"href":"https:\/\/www.diarioimagen.net\/index.php?rest_route=\/wp\/v2\/types\/attachment"}],"author":[{"embeddable":true,"href":"https:\/\/www.diarioimagen.net\/index.php?rest_route=\/wp\/v2\/users\/3"}],"replies":[{"embeddable":true,"href":"https:\/\/www.diarioimagen.net\/index.php?rest_route=%2Fwp%2Fv2%2Fcomments&post=612852"}]}}

<p>Además de las medidas cautelares impuestas por juezas y jueces de control a las personas imputadas de un delito, también vigilan el cumplimiento de condiciones, cuyo propósito es asegurar la presencia de éstas en el proceso penal, garantizar la seguridad de las partes y evitar la obstaculización del procedimiento.</p>
