{"id":612868,"date":"2024-03-13T00:36:07","date_gmt":"2024-03-13T06:36:07","guid":{"rendered":"https:\/\/www.diarioimagen.net\/wp-content\/uploads\/2024\/03\/devolveremos-a-mexico.jpg"},"modified":"2024-03-13T00:36:11","modified_gmt":"2024-03-13T06:36:11","slug":"devolveremos-a-mexico","status":"inherit","type":"attachment","link":"https:\/\/www.diarioimagen.net\/?attachment_id=612868","title":{"rendered":"devolveremos-a-mexico"},"author":3,"featured_media":0,"comment_status":"open","ping_status":"closed","template":"","meta":{"_monsterinsights_skip_tracking":false,"_monsterinsights_sitenote_active":false,"_monsterinsights_sitenote_note":"","_monsterinsights_sitenote_category":0},"class_list":["post-612868","attachment","type-attachment","status-inherit","hentry"],"description":{"rendered":"<p class=\"attachment\"><a href='https:\/\/www.diarioimagen.net\/wp-content\/uploads\/2024\/03\/devolveremos-a-mexico.jpg'><img loading=\"lazy\" decoding=\"async\" width=\"141\" height=\"240\" src=\"https:\/\/www.diarioimagen.net\/wp-content\/uploads\/2024\/03\/devolveremos-a-mexico.jpg\" class=\"attachment-medium size-medium\" alt=\"\" \/><\/a><\/p>\n"},"caption":{"rendered":"<p>La candidata Aure Reynoso destac\u00f3 que el 2 de junio se juega el futuro de M\u00e9xico y, con el respaldo de la sociedad, se volver\u00e1 a recuperar lo que es del pueblo.<\/p>\n"},"alt_text":"","media_type":"image","mime_type":"image\/jpeg","media_details":{"width":460,"height":781,"file":"2024\/03\/devolveremos-a-mexico.jpg","filesize":102116,"sizes":{},"image_meta":{"aperture":"0","credit":"","camera":"","caption":"","created_timestamp":"0","copyright":"","focal_length":"0","iso":"0","shutter_speed":"0","title":"","orientation":"0","keywords":[]}},"post":612769,"source_url":"https:\/\/www.diarioimagen.net\/wp-content\/uploads\/2024\/03\/devolveremos-a-mexico.jpg","_links":{"self":[{"href":"https:\/\/www.diarioimagen.net\/index.php?rest_route=\/wp\/v2\/media\/612868","targetHints":{"allow":["GET"]}}],"collection":[{"href":"https:\/\/www.diarioimagen.net\/index.php?rest_route=\/wp\/v2\/media"}],"about":[{"href":"https:\/\/www.diarioimagen.net\/index.php?rest_route=\/wp\/v2\/types\/attachment"}],"author":[{"embeddable":true,"href":"https:\/\/www.diarioimagen.net\/index.php?rest_route=\/wp\/v2\/users\/3"}],"replies":[{"embeddable":true,"href":"https:\/\/www.diarioimagen.net\/index.php?rest_route=%2Fwp%2Fv2%2Fcomments&post=612868"}]}}

<p>La candidata Aure Reynoso destacó que el 2 de junio se juega el futuro de México y, con el respaldo de la sociedad, se volverá a recuperar lo que es del pueblo.</p>
