{"id":613483,"date":"2024-03-19T00:16:59","date_gmt":"2024-03-19T06:16:59","guid":{"rendered":"https:\/\/www.diarioimagen.net\/wp-content\/uploads\/2024\/03\/crecera-ingreso-haitianos.jpg"},"modified":"2024-03-19T00:17:07","modified_gmt":"2024-03-19T06:17:07","slug":"crecera-ingreso-haitianos","status":"inherit","type":"attachment","link":"https:\/\/www.diarioimagen.net\/?attachment_id=613483","title":{"rendered":"crecera-ingreso-haitianos"},"author":3,"featured_media":0,"comment_status":"open","ping_status":"closed","template":"","meta":{"_monsterinsights_skip_tracking":false,"_monsterinsights_sitenote_active":false,"_monsterinsights_sitenote_note":"","_monsterinsights_sitenote_category":0},"class_list":["post-613483","attachment","type-attachment","status-inherit","hentry"],"description":{"rendered":"<p class=\"attachment\"><a href='https:\/\/www.diarioimagen.net\/wp-content\/uploads\/2024\/03\/crecera-ingreso-haitianos.jpg'><img loading=\"lazy\" decoding=\"async\" width=\"240\" height=\"141\" src=\"https:\/\/www.diarioimagen.net\/wp-content\/uploads\/2024\/03\/crecera-ingreso-haitianos.jpg\" class=\"attachment-medium size-medium\" alt=\"\" \/><\/a><\/p>\n"},"caption":{"rendered":"<p>Activistas de la frontera sur de M\u00e9xico esperan una nueva oleada de migrantes indocumentados haitianos, ante la actual crisis pol\u00edtica que hay en ese pa\u00eds.<\/p>\n"},"alt_text":"","media_type":"image","mime_type":"image\/jpeg","media_details":{"width":460,"height":270,"file":"2024\/03\/crecera-ingreso-haitianos.jpg","filesize":76213,"sizes":{},"image_meta":{"aperture":"0","credit":"","camera":"","caption":"","created_timestamp":"0","copyright":"Galo Ca\u00f1as @Cuartoscuro","focal_length":"0","iso":"0","shutter_speed":"0","title":"","orientation":"0","keywords":[]}},"post":613396,"source_url":"https:\/\/www.diarioimagen.net\/wp-content\/uploads\/2024\/03\/crecera-ingreso-haitianos.jpg","_links":{"self":[{"href":"https:\/\/www.diarioimagen.net\/index.php?rest_route=\/wp\/v2\/media\/613483","targetHints":{"allow":["GET"]}}],"collection":[{"href":"https:\/\/www.diarioimagen.net\/index.php?rest_route=\/wp\/v2\/media"}],"about":[{"href":"https:\/\/www.diarioimagen.net\/index.php?rest_route=\/wp\/v2\/types\/attachment"}],"author":[{"embeddable":true,"href":"https:\/\/www.diarioimagen.net\/index.php?rest_route=\/wp\/v2\/users\/3"}],"replies":[{"embeddable":true,"href":"https:\/\/www.diarioimagen.net\/index.php?rest_route=%2Fwp%2Fv2%2Fcomments&post=613483"}]}}

<p>Activistas de la frontera sur de México esperan una nueva oleada de migrantes indocumentados haitianos, ante la actual crisis política que hay en ese país.</p>

Galo Cañas @Cuartoscuro
