{"id":613970,"date":"2024-03-22T01:48:28","date_gmt":"2024-03-22T07:48:28","guid":{"rendered":"https:\/\/www.diarioimagen.net\/wp-content\/uploads\/2024\/03\/uaem-elia-alejandra.jpg"},"modified":"2024-03-22T01:48:32","modified_gmt":"2024-03-22T07:48:32","slug":"uaem-elia-alejandra","status":"inherit","type":"attachment","link":"https:\/\/www.diarioimagen.net\/?attachment_id=613970","title":{"rendered":"uaem-elia-alejandra"},"author":3,"featured_media":0,"comment_status":"open","ping_status":"closed","template":"","meta":{"_monsterinsights_skip_tracking":false,"_monsterinsights_sitenote_active":false,"_monsterinsights_sitenote_note":"","_monsterinsights_sitenote_category":0},"class_list":["post-613970","attachment","type-attachment","status-inherit","hentry"],"description":{"rendered":"<p class=\"attachment\"><a href='https:\/\/www.diarioimagen.net\/wp-content\/uploads\/2024\/03\/uaem-elia-alejandra.jpg'><img loading=\"lazy\" decoding=\"async\" width=\"240\" height=\"141\" src=\"https:\/\/www.diarioimagen.net\/wp-content\/uploads\/2024\/03\/uaem-elia-alejandra.jpg\" class=\"attachment-medium size-medium\" alt=\"\" \/><\/a><\/p>\n"},"caption":{"rendered":"<p>La investigadora enfatiz\u00f3 la importancia de que en proyectos de investigaci\u00f3n enfocados en el cuidado del medio ambiente participe la comunidad estudiantil, pues ellos contribuyen en la formaci\u00f3n de un mundo menos contaminado.<\/p>\n"},"alt_text":"","media_type":"image","mime_type":"image\/jpeg","media_details":{"width":460,"height":270,"file":"2024\/03\/uaem-elia-alejandra.jpg","filesize":48883,"sizes":{},"image_meta":{"aperture":"0","credit":"","camera":"","caption":"","created_timestamp":"0","copyright":"","focal_length":"0","iso":"0","shutter_speed":"0","title":"","orientation":"0","keywords":[]}},"post":613878,"source_url":"https:\/\/www.diarioimagen.net\/wp-content\/uploads\/2024\/03\/uaem-elia-alejandra.jpg","_links":{"self":[{"href":"https:\/\/www.diarioimagen.net\/index.php?rest_route=\/wp\/v2\/media\/613970","targetHints":{"allow":["GET"]}}],"collection":[{"href":"https:\/\/www.diarioimagen.net\/index.php?rest_route=\/wp\/v2\/media"}],"about":[{"href":"https:\/\/www.diarioimagen.net\/index.php?rest_route=\/wp\/v2\/types\/attachment"}],"author":[{"embeddable":true,"href":"https:\/\/www.diarioimagen.net\/index.php?rest_route=\/wp\/v2\/users\/3"}],"replies":[{"embeddable":true,"href":"https:\/\/www.diarioimagen.net\/index.php?rest_route=%2Fwp%2Fv2%2Fcomments&post=613970"}]}}

<p>La investigadora enfatizó la importancia de que en proyectos de investigación enfocados en el cuidado del medio ambiente participe la comunidad estudiantil, pues ellos contribuyen en la formación de un mundo menos contaminado.</p>
