{"id":613989,"date":"2024-03-22T02:06:43","date_gmt":"2024-03-22T08:06:43","guid":{"rendered":"https:\/\/www.diarioimagen.net\/wp-content\/uploads\/2024\/03\/sacaremos-adelante-elecction.jpg"},"modified":"2024-03-22T02:06:47","modified_gmt":"2024-03-22T08:06:47","slug":"sacaremos-adelante-elecction","status":"inherit","type":"attachment","link":"https:\/\/www.diarioimagen.net\/?attachment_id=613989","title":{"rendered":"sacaremos-adelante-elecction"},"author":3,"featured_media":0,"comment_status":"open","ping_status":"closed","template":"","meta":{"_monsterinsights_skip_tracking":false,"_monsterinsights_sitenote_active":false,"_monsterinsights_sitenote_note":"","_monsterinsights_sitenote_category":0},"class_list":["post-613989","attachment","type-attachment","status-inherit","hentry"],"description":{"rendered":"<p class=\"attachment\"><a href='https:\/\/www.diarioimagen.net\/wp-content\/uploads\/2024\/03\/sacaremos-adelante-elecction.jpg'><img loading=\"lazy\" decoding=\"async\" width=\"240\" height=\"141\" src=\"https:\/\/www.diarioimagen.net\/wp-content\/uploads\/2024\/03\/sacaremos-adelante-elecction.jpg\" class=\"attachment-medium size-medium\" alt=\"\" \/><\/a><\/p>\n"},"caption":{"rendered":"<p>D\u00e9cimo cuarta Sesi\u00f3n Extraordinaria del Consejo General del IEEM, donde se aprob\u00f3 el ajuste al presupuesto de egresos del Instituto Electoral del Edomex.<\/p>\n"},"alt_text":"","media_type":"image","mime_type":"image\/jpeg","media_details":{"width":460,"height":270,"file":"2024\/03\/sacaremos-adelante-elecction.jpg","filesize":68147,"sizes":{},"image_meta":{"aperture":"0","credit":"","camera":"","caption":"","created_timestamp":"0","copyright":"","focal_length":"0","iso":"0","shutter_speed":"0","title":"","orientation":"0","keywords":[]}},"post":613888,"source_url":"https:\/\/www.diarioimagen.net\/wp-content\/uploads\/2024\/03\/sacaremos-adelante-elecction.jpg","_links":{"self":[{"href":"https:\/\/www.diarioimagen.net\/index.php?rest_route=\/wp\/v2\/media\/613989","targetHints":{"allow":["GET"]}}],"collection":[{"href":"https:\/\/www.diarioimagen.net\/index.php?rest_route=\/wp\/v2\/media"}],"about":[{"href":"https:\/\/www.diarioimagen.net\/index.php?rest_route=\/wp\/v2\/types\/attachment"}],"author":[{"embeddable":true,"href":"https:\/\/www.diarioimagen.net\/index.php?rest_route=\/wp\/v2\/users\/3"}],"replies":[{"embeddable":true,"href":"https:\/\/www.diarioimagen.net\/index.php?rest_route=%2Fwp%2Fv2%2Fcomments&post=613989"}]}}

<p>Décimo cuarta Sesión Extraordinaria del Consejo General del IEEM, donde se aprobó el ajuste al presupuesto de egresos del Instituto Electoral del Edomex.</p>
