{"id":614153,"date":"2024-03-25T00:41:45","date_gmt":"2024-03-25T06:41:45","guid":{"rendered":"https:\/\/www.diarioimagen.net\/wp-content\/uploads\/2024\/03\/aztlan-parque-urbano.jpg"},"modified":"2024-03-25T00:41:49","modified_gmt":"2024-03-25T06:41:49","slug":"aztlan-parque-urbano","status":"inherit","type":"attachment","link":"https:\/\/www.diarioimagen.net\/?attachment_id=614153","title":{"rendered":"aztlan-parque-urbano"},"author":3,"featured_media":0,"comment_status":"open","ping_status":"closed","template":"","meta":{"_monsterinsights_skip_tracking":false,"_monsterinsights_sitenote_active":false,"_monsterinsights_sitenote_note":"","_monsterinsights_sitenote_category":0},"class_list":["post-614153","attachment","type-attachment","status-inherit","hentry"],"description":{"rendered":"<p class=\"attachment\"><a href='https:\/\/www.diarioimagen.net\/wp-content\/uploads\/2024\/03\/aztlan-parque-urbano.jpg'><img loading=\"lazy\" decoding=\"async\" width=\"240\" height=\"141\" src=\"https:\/\/www.diarioimagen.net\/wp-content\/uploads\/2024\/03\/aztlan-parque-urbano.jpg\" class=\"attachment-medium size-medium\" alt=\"\" \/><\/a><\/p>\n"},"caption":{"rendered":"<p>El nuevo centro de atracciones Aztl\u00e1n Parque Urbano Chapultepec abri\u00f3 sus puertas para disfrutar de innumerables juegos y din\u00e1micas.<\/p>\n"},"alt_text":"","media_type":"image","mime_type":"image\/jpeg","media_details":{"width":460,"height":270,"file":"2024\/03\/aztlan-parque-urbano.jpg","filesize":92281,"sizes":{},"image_meta":{"aperture":"0","credit":"","camera":"","caption":"","created_timestamp":"0","copyright":"","focal_length":"0","iso":"0","shutter_speed":"0","title":"","orientation":"0","keywords":[]}},"post":614039,"source_url":"https:\/\/www.diarioimagen.net\/wp-content\/uploads\/2024\/03\/aztlan-parque-urbano.jpg","_links":{"self":[{"href":"https:\/\/www.diarioimagen.net\/index.php?rest_route=\/wp\/v2\/media\/614153","targetHints":{"allow":["GET"]}}],"collection":[{"href":"https:\/\/www.diarioimagen.net\/index.php?rest_route=\/wp\/v2\/media"}],"about":[{"href":"https:\/\/www.diarioimagen.net\/index.php?rest_route=\/wp\/v2\/types\/attachment"}],"author":[{"embeddable":true,"href":"https:\/\/www.diarioimagen.net\/index.php?rest_route=\/wp\/v2\/users\/3"}],"replies":[{"embeddable":true,"href":"https:\/\/www.diarioimagen.net\/index.php?rest_route=%2Fwp%2Fv2%2Fcomments&post=614153"}]}}

<p>El nuevo centro de atracciones Aztlán Parque Urbano Chapultepec abrió sus puertas para disfrutar de innumerables juegos y dinámicas.</p>
