{"id":614304,"date":"2024-03-26T00:46:46","date_gmt":"2024-03-26T06:46:46","guid":{"rendered":"https:\/\/www.diarioimagen.net\/wp-content\/uploads\/2024\/03\/MODERATTO01.jpg"},"modified":"2024-03-26T00:46:52","modified_gmt":"2024-03-26T06:46:52","slug":"moderatto01","status":"inherit","type":"attachment","link":"https:\/\/www.diarioimagen.net\/?attachment_id=614304","title":{"rendered":"MODERATTO01"},"author":3,"featured_media":0,"comment_status":"open","ping_status":"closed","template":"","meta":{"_monsterinsights_skip_tracking":false,"_monsterinsights_sitenote_active":false,"_monsterinsights_sitenote_note":"","_monsterinsights_sitenote_category":0},"class_list":["post-614304","attachment","type-attachment","status-inherit","hentry"],"description":{"rendered":"<p class=\"attachment\"><a href='https:\/\/www.diarioimagen.net\/wp-content\/uploads\/2024\/03\/MODERATTO01.jpg'><img loading=\"lazy\" decoding=\"async\" width=\"240\" height=\"141\" src=\"https:\/\/www.diarioimagen.net\/wp-content\/uploads\/2024\/03\/MODERATTO01.jpg\" class=\"attachment-medium size-medium\" alt=\"\" \/><\/a><\/p>\n"},"caption":{"rendered":"<p>Moderatto se form\u00f3 en 1999 y se hizo famoso por su estilo \u00fanico, que combinaba el glam rock de los 80 con un toque de humor y parodia. (Foto Cortes\u00eda Ocesa: Liliana Estrada)<\/p>\n"},"alt_text":"","media_type":"image","mime_type":"image\/jpeg","media_details":{"width":460,"height":270,"file":"2024\/03\/MODERATTO01.jpg","filesize":59971,"sizes":{},"image_meta":{"aperture":"0","credit":"","camera":"","caption":"","created_timestamp":"0","copyright":"\u00a9 Liliana Estrada","focal_length":"0","iso":"0","shutter_speed":"0","title":"","orientation":"0","keywords":[]}},"post":614231,"source_url":"https:\/\/www.diarioimagen.net\/wp-content\/uploads\/2024\/03\/MODERATTO01.jpg","_links":{"self":[{"href":"https:\/\/www.diarioimagen.net\/index.php?rest_route=\/wp\/v2\/media\/614304","targetHints":{"allow":["GET"]}}],"collection":[{"href":"https:\/\/www.diarioimagen.net\/index.php?rest_route=\/wp\/v2\/media"}],"about":[{"href":"https:\/\/www.diarioimagen.net\/index.php?rest_route=\/wp\/v2\/types\/attachment"}],"author":[{"embeddable":true,"href":"https:\/\/www.diarioimagen.net\/index.php?rest_route=\/wp\/v2\/users\/3"}],"replies":[{"embeddable":true,"href":"https:\/\/www.diarioimagen.net\/index.php?rest_route=%2Fwp%2Fv2%2Fcomments&post=614304"}]}}

<p>Moderatto se formó en 1999 y se hizo famoso por su estilo único, que combinaba el glam rock de los 80 con un toque de humor y parodia. (Foto Cortesía Ocesa: Liliana Estrada)</p>
