{"id":614335,"date":"2024-03-26T01:04:37","date_gmt":"2024-03-26T07:04:37","guid":{"rendered":"https:\/\/www.diarioimagen.net\/wp-content\/uploads\/2024\/03\/derrama-economica.jpg"},"modified":"2024-03-26T01:04:42","modified_gmt":"2024-03-26T07:04:42","slug":"derrama-economica","status":"inherit","type":"attachment","link":"https:\/\/www.diarioimagen.net\/?attachment_id=614335","title":{"rendered":"derrama-economica"},"author":3,"featured_media":0,"comment_status":"open","ping_status":"closed","template":"","meta":{"_monsterinsights_skip_tracking":false,"_monsterinsights_sitenote_active":false,"_monsterinsights_sitenote_note":"","_monsterinsights_sitenote_category":0},"class_list":["post-614335","attachment","type-attachment","status-inherit","hentry"],"description":{"rendered":"<p class=\"attachment\"><a href='https:\/\/www.diarioimagen.net\/wp-content\/uploads\/2024\/03\/derrama-economica.jpg'><img loading=\"lazy\" decoding=\"async\" width=\"240\" height=\"141\" src=\"https:\/\/www.diarioimagen.net\/wp-content\/uploads\/2024\/03\/derrama-economica.jpg\" class=\"attachment-medium size-medium\" alt=\"\" \/><\/a><\/p>\n"},"caption":{"rendered":"<p>Autoridades de la Ciudad de M\u00e9xico prev\u00e9n que la derrama econ\u00f3mica por Semana Santa ser\u00e1 de 7 mil 285 millones de pesos por el consumo en establecimientos.<\/p>\n"},"alt_text":"","media_type":"image","mime_type":"image\/jpeg","media_details":{"width":460,"height":270,"file":"2024\/03\/derrama-economica.jpg","filesize":51109,"sizes":{},"image_meta":{"aperture":"0","credit":"","camera":"","caption":"","created_timestamp":"0","copyright":"","focal_length":"0","iso":"0","shutter_speed":"0","title":"","orientation":"0","keywords":[]}},"post":614202,"source_url":"https:\/\/www.diarioimagen.net\/wp-content\/uploads\/2024\/03\/derrama-economica.jpg","_links":{"self":[{"href":"https:\/\/www.diarioimagen.net\/index.php?rest_route=\/wp\/v2\/media\/614335","targetHints":{"allow":["GET"]}}],"collection":[{"href":"https:\/\/www.diarioimagen.net\/index.php?rest_route=\/wp\/v2\/media"}],"about":[{"href":"https:\/\/www.diarioimagen.net\/index.php?rest_route=\/wp\/v2\/types\/attachment"}],"author":[{"embeddable":true,"href":"https:\/\/www.diarioimagen.net\/index.php?rest_route=\/wp\/v2\/users\/3"}],"replies":[{"embeddable":true,"href":"https:\/\/www.diarioimagen.net\/index.php?rest_route=%2Fwp%2Fv2%2Fcomments&post=614335"}]}}

<p>Autoridades de la Ciudad de México prevén que la derrama económica por Semana Santa será de 7 mil 285 millones de pesos por el consumo en establecimientos.</p>
