{"id":614469,"date":"2024-03-27T01:03:36","date_gmt":"2024-03-27T07:03:36","guid":{"rendered":"https:\/\/www.diarioimagen.net\/wp-content\/uploads\/2024\/03\/investigaran-descarrilamiento.jpg"},"modified":"2024-03-27T01:03:40","modified_gmt":"2024-03-27T07:03:40","slug":"investigaran-descarrilamiento","status":"inherit","type":"attachment","link":"https:\/\/www.diarioimagen.net\/?attachment_id=614469","title":{"rendered":"investigaran-descarrilamiento"},"author":3,"featured_media":0,"comment_status":"open","ping_status":"closed","template":"","meta":{"_monsterinsights_skip_tracking":false,"_monsterinsights_sitenote_active":false,"_monsterinsights_sitenote_note":"","_monsterinsights_sitenote_category":0},"class_list":["post-614469","attachment","type-attachment","status-inherit","hentry"],"description":{"rendered":"<p class=\"attachment\"><a href='https:\/\/www.diarioimagen.net\/wp-content\/uploads\/2024\/03\/investigaran-descarrilamiento.jpg'><img loading=\"lazy\" decoding=\"async\" width=\"240\" height=\"141\" src=\"https:\/\/www.diarioimagen.net\/wp-content\/uploads\/2024\/03\/investigaran-descarrilamiento.jpg\" class=\"attachment-medium size-medium\" alt=\"\" \/><\/a><\/p>\n"},"caption":{"rendered":"<p>El presidente Andr\u00e9s Manuel L\u00f3pez Obrador confirm\u00f3 que se inici\u00f3 una investigaci\u00f3n para conocer las causas del descarrilamiento del Tren Maya.<\/p>\n"},"alt_text":"","media_type":"image","mime_type":"image\/jpeg","media_details":{"width":460,"height":270,"file":"2024\/03\/investigaran-descarrilamiento.jpg","filesize":114266,"sizes":{},"image_meta":{"aperture":"0","credit":"","camera":"","caption":"","created_timestamp":"0","copyright":"","focal_length":"0","iso":"0","shutter_speed":"0","title":"","orientation":"0","keywords":[]}},"post":614400,"source_url":"https:\/\/www.diarioimagen.net\/wp-content\/uploads\/2024\/03\/investigaran-descarrilamiento.jpg","_links":{"self":[{"href":"https:\/\/www.diarioimagen.net\/index.php?rest_route=\/wp\/v2\/media\/614469","targetHints":{"allow":["GET"]}}],"collection":[{"href":"https:\/\/www.diarioimagen.net\/index.php?rest_route=\/wp\/v2\/media"}],"about":[{"href":"https:\/\/www.diarioimagen.net\/index.php?rest_route=\/wp\/v2\/types\/attachment"}],"author":[{"embeddable":true,"href":"https:\/\/www.diarioimagen.net\/index.php?rest_route=\/wp\/v2\/users\/3"}],"replies":[{"embeddable":true,"href":"https:\/\/www.diarioimagen.net\/index.php?rest_route=%2Fwp%2Fv2%2Fcomments&post=614469"}]}}

<p>El presidente Andrés Manuel López Obrador confirmó que se inició una investigación para conocer las causas del descarrilamiento del Tren Maya.</p>
