{"id":614734,"date":"2024-04-02T00:42:38","date_gmt":"2024-04-02T06:42:38","guid":{"rendered":"https:\/\/www.diarioimagen.net\/wp-content\/uploads\/2024\/04\/tribunal-libro.jpg"},"modified":"2024-04-02T00:42:43","modified_gmt":"2024-04-02T06:42:43","slug":"tribunal-libro","status":"inherit","type":"attachment","link":"https:\/\/www.diarioimagen.net\/?attachment_id=614734","title":{"rendered":"tribunal-libro"},"author":3,"featured_media":0,"comment_status":"open","ping_status":"closed","template":"","meta":{"_monsterinsights_skip_tracking":false,"_monsterinsights_sitenote_active":false,"_monsterinsights_sitenote_note":"","_monsterinsights_sitenote_category":0},"class_list":["post-614734","attachment","type-attachment","status-inherit","hentry"],"description":{"rendered":"<p class=\"attachment\"><a href='https:\/\/www.diarioimagen.net\/wp-content\/uploads\/2024\/04\/tribunal-libro.jpg'><img loading=\"lazy\" decoding=\"async\" width=\"240\" height=\"141\" src=\"https:\/\/www.diarioimagen.net\/wp-content\/uploads\/2024\/04\/tribunal-libro.jpg\" class=\"attachment-medium size-medium\" alt=\"\" \/><\/a><\/p>\n"},"caption":{"rendered":"<p>Editado por el \u00f3rgano judicial a trav\u00e9s del Instituto de Estudios Judiciales, en 140 p\u00e1ginas el texto responde a las interrogantes m\u00e1s comunes de la sociedad sobre lo que deviene tras la muerte con los bienes de la persona que fallece.<\/p>\n"},"alt_text":"","media_type":"image","mime_type":"image\/jpeg","media_details":{"width":460,"height":270,"file":"2024\/04\/tribunal-libro.jpg","filesize":104768,"sizes":{},"image_meta":{"aperture":"0","credit":"","camera":"","caption":"","created_timestamp":"0","copyright":"","focal_length":"0","iso":"0","shutter_speed":"0","title":"","orientation":"0","keywords":[]}},"post":614692,"source_url":"https:\/\/www.diarioimagen.net\/wp-content\/uploads\/2024\/04\/tribunal-libro.jpg","_links":{"self":[{"href":"https:\/\/www.diarioimagen.net\/index.php?rest_route=\/wp\/v2\/media\/614734","targetHints":{"allow":["GET"]}}],"collection":[{"href":"https:\/\/www.diarioimagen.net\/index.php?rest_route=\/wp\/v2\/media"}],"about":[{"href":"https:\/\/www.diarioimagen.net\/index.php?rest_route=\/wp\/v2\/types\/attachment"}],"author":[{"embeddable":true,"href":"https:\/\/www.diarioimagen.net\/index.php?rest_route=\/wp\/v2\/users\/3"}],"replies":[{"embeddable":true,"href":"https:\/\/www.diarioimagen.net\/index.php?rest_route=%2Fwp%2Fv2%2Fcomments&post=614734"}]}}

<p>Editado por el órgano judicial a través del Instituto de Estudios Judiciales, en 140 páginas el texto responde a las interrogantes más comunes de la sociedad sobre lo que deviene tras la muerte con los bienes de la persona que fallece.</p>
