{"id":614741,"date":"2024-04-02T00:45:27","date_gmt":"2024-04-02T06:45:27","guid":{"rendered":"https:\/\/www.diarioimagen.net\/wp-content\/uploads\/2024\/04\/REMESAS.jpg"},"modified":"2024-04-02T00:45:33","modified_gmt":"2024-04-02T06:45:33","slug":"remesas-18","status":"inherit","type":"attachment","link":"https:\/\/www.diarioimagen.net\/?attachment_id=614741","title":{"rendered":"REMESAS"},"author":3,"featured_media":0,"comment_status":"open","ping_status":"closed","template":"","meta":{"_monsterinsights_skip_tracking":false,"_monsterinsights_sitenote_active":false,"_monsterinsights_sitenote_note":"","_monsterinsights_sitenote_category":0},"class_list":["post-614741","attachment","type-attachment","status-inherit","hentry"],"description":{"rendered":"<p class=\"attachment\"><a href='https:\/\/www.diarioimagen.net\/wp-content\/uploads\/2024\/04\/REMESAS.jpg'><img loading=\"lazy\" decoding=\"async\" width=\"240\" height=\"141\" src=\"https:\/\/www.diarioimagen.net\/wp-content\/uploads\/2024\/04\/REMESAS.jpg\" class=\"attachment-medium size-medium\" alt=\"\" \/><\/a><\/p>\n"},"caption":{"rendered":"<p>M\u00e9xico recibi\u00f3 un r\u00e9cord de 9.085 millones de d\u00f3lares de sus ciudadanos residentes en el extranjero durante los dos primeros meses del a\u00f1o, un 3,4 % m\u00e1s en tasa interanual, inform\u00f3 el Banco de M\u00e9xico.<\/p>\n"},"alt_text":"","media_type":"image","mime_type":"image\/jpeg","media_details":{"width":460,"height":270,"file":"2024\/04\/REMESAS.jpg","filesize":143157,"sizes":{},"image_meta":{"aperture":"0","credit":"","camera":"","caption":"","created_timestamp":"0","copyright":"","focal_length":"0","iso":"0","shutter_speed":"0","title":"","orientation":"0","keywords":[]}},"post":614700,"source_url":"https:\/\/www.diarioimagen.net\/wp-content\/uploads\/2024\/04\/REMESAS.jpg","_links":{"self":[{"href":"https:\/\/www.diarioimagen.net\/index.php?rest_route=\/wp\/v2\/media\/614741","targetHints":{"allow":["GET"]}}],"collection":[{"href":"https:\/\/www.diarioimagen.net\/index.php?rest_route=\/wp\/v2\/media"}],"about":[{"href":"https:\/\/www.diarioimagen.net\/index.php?rest_route=\/wp\/v2\/types\/attachment"}],"author":[{"embeddable":true,"href":"https:\/\/www.diarioimagen.net\/index.php?rest_route=\/wp\/v2\/users\/3"}],"replies":[{"embeddable":true,"href":"https:\/\/www.diarioimagen.net\/index.php?rest_route=%2Fwp%2Fv2%2Fcomments&post=614741"}]}}

<p>México recibió un récord de 9.085 millones de dólares de sus ciudadanos residentes en el extranjero durante los dos primeros meses del año, un 3,4 % más en tasa interanual, informó el Banco de México.</p>
