{"id":614953,"date":"2024-04-03T02:08:39","date_gmt":"2024-04-03T08:08:39","guid":{"rendered":"https:\/\/www.diarioimagen.net\/wp-content\/uploads\/2024\/04\/listo-el-instituto.jpg"},"modified":"2024-04-03T02:08:44","modified_gmt":"2024-04-03T08:08:44","slug":"listo-el-instituto","status":"inherit","type":"attachment","link":"https:\/\/www.diarioimagen.net\/?attachment_id=614953","title":{"rendered":"listo-el-instituto"},"author":3,"featured_media":0,"comment_status":"open","ping_status":"closed","template":"","meta":{"_monsterinsights_skip_tracking":false,"_monsterinsights_sitenote_active":false,"_monsterinsights_sitenote_note":"","_monsterinsights_sitenote_category":0},"class_list":["post-614953","attachment","type-attachment","status-inherit","hentry"],"description":{"rendered":"<p class=\"attachment\"><a href='https:\/\/www.diarioimagen.net\/wp-content\/uploads\/2024\/04\/listo-el-instituto.jpg'><img loading=\"lazy\" decoding=\"async\" width=\"240\" height=\"141\" src=\"https:\/\/www.diarioimagen.net\/wp-content\/uploads\/2024\/04\/listo-el-instituto.jpg\" class=\"attachment-medium size-medium\" alt=\"\" \/><\/a><\/p>\n"},"caption":{"rendered":"<p>El IEEM emiti\u00f3 los Lineamientos para la organizaci\u00f3n, realizaci\u00f3n y difusi\u00f3n de debates p\u00fablicos electorales, entre las candidaturas a diputaciones y presidencias municipales, en los procesos electorales locales.<\/p>\n"},"alt_text":"","media_type":"image","mime_type":"image\/jpeg","media_details":{"width":460,"height":270,"file":"2024\/04\/listo-el-instituto.jpg","filesize":65856,"sizes":{},"image_meta":{"aperture":"0","credit":"","camera":"","caption":"","created_timestamp":"0","copyright":"","focal_length":"0","iso":"0","shutter_speed":"0","title":"","orientation":"0","keywords":[]}},"post":614847,"source_url":"https:\/\/www.diarioimagen.net\/wp-content\/uploads\/2024\/04\/listo-el-instituto.jpg","_links":{"self":[{"href":"https:\/\/www.diarioimagen.net\/index.php?rest_route=\/wp\/v2\/media\/614953","targetHints":{"allow":["GET"]}}],"collection":[{"href":"https:\/\/www.diarioimagen.net\/index.php?rest_route=\/wp\/v2\/media"}],"about":[{"href":"https:\/\/www.diarioimagen.net\/index.php?rest_route=\/wp\/v2\/types\/attachment"}],"author":[{"embeddable":true,"href":"https:\/\/www.diarioimagen.net\/index.php?rest_route=\/wp\/v2\/users\/3"}],"replies":[{"embeddable":true,"href":"https:\/\/www.diarioimagen.net\/index.php?rest_route=%2Fwp%2Fv2%2Fcomments&post=614953"}]}}

<p>El IEEM emitió los Lineamientos para la organización, realización y difusión de debates públicos electorales, entre las candidaturas a diputaciones y presidencias municipales, en los procesos electorales locales.</p>
