{"id":615416,"date":"2024-04-08T00:09:29","date_gmt":"2024-04-08T06:09:29","guid":{"rendered":"https:\/\/www.diarioimagen.net\/wp-content\/uploads\/2024\/04\/uaem-ofrece-experiencia.jpg"},"modified":"2024-04-08T00:09:32","modified_gmt":"2024-04-08T06:09:32","slug":"uaem-ofrece-experiencia","status":"inherit","type":"attachment","link":"https:\/\/www.diarioimagen.net\/?attachment_id=615416","title":{"rendered":"uaem-ofrece-experiencia"},"author":3,"featured_media":0,"comment_status":"open","ping_status":"closed","template":"","meta":{"_monsterinsights_skip_tracking":false,"_monsterinsights_sitenote_active":false,"_monsterinsights_sitenote_note":"","_monsterinsights_sitenote_category":0},"class_list":["post-615416","attachment","type-attachment","status-inherit","hentry"],"description":{"rendered":"<p class=\"attachment\"><a href='https:\/\/www.diarioimagen.net\/wp-content\/uploads\/2024\/04\/uaem-ofrece-experiencia.jpg'><img loading=\"lazy\" decoding=\"async\" width=\"240\" height=\"141\" src=\"https:\/\/www.diarioimagen.net\/wp-content\/uploads\/2024\/04\/uaem-ofrece-experiencia.jpg\" class=\"attachment-medium size-medium\" alt=\"\" \/><\/a><\/p>\n"},"caption":{"rendered":"<p>El director de la Compa\u00f1\u00eda Universitaria de Teatro (CUT), Juan Carlos Embriz Gonzaga, explic\u00f3 que se adapt\u00f3 una escenificaci\u00f3n a los cantos de la Divina Comedia que acompa\u00f1a a las y los espectadores, a trav\u00e9s de un viaje por los cuadros de Dal\u00ed, colocados en la Galer\u00eda Universitaria \u201cFernando Cano\u201d.<\/p>\n"},"alt_text":"","media_type":"image","mime_type":"image\/jpeg","media_details":{"width":460,"height":270,"file":"2024\/04\/uaem-ofrece-experiencia.jpg","filesize":64163,"sizes":{},"image_meta":{"aperture":"0","credit":"","camera":"","caption":"","created_timestamp":"0","copyright":"","focal_length":"0","iso":"0","shutter_speed":"0","title":"","orientation":"0","keywords":[]}},"post":615330,"source_url":"https:\/\/www.diarioimagen.net\/wp-content\/uploads\/2024\/04\/uaem-ofrece-experiencia.jpg","_links":{"self":[{"href":"https:\/\/www.diarioimagen.net\/index.php?rest_route=\/wp\/v2\/media\/615416","targetHints":{"allow":["GET"]}}],"collection":[{"href":"https:\/\/www.diarioimagen.net\/index.php?rest_route=\/wp\/v2\/media"}],"about":[{"href":"https:\/\/www.diarioimagen.net\/index.php?rest_route=\/wp\/v2\/types\/attachment"}],"author":[{"embeddable":true,"href":"https:\/\/www.diarioimagen.net\/index.php?rest_route=\/wp\/v2\/users\/3"}],"replies":[{"embeddable":true,"href":"https:\/\/www.diarioimagen.net\/index.php?rest_route=%2Fwp%2Fv2%2Fcomments&post=615416"}]}}

<p>El director de la Compañía Universitaria de Teatro (CUT), Juan Carlos Embriz Gonzaga, explicó que se adaptó una escenificación a los cantos de la Divina Comedia que acompaña a las y los espectadores, a través de un viaje por los cuadros de Dalí, colocados en la Galería Universitaria “Fernando Cano”.</p>
