{"id":615448,"date":"2024-04-08T00:31:47","date_gmt":"2024-04-08T06:31:47","guid":{"rendered":"https:\/\/www.diarioimagen.net\/wp-content\/uploads\/2024\/04\/renuncia-regidor.jpg"},"modified":"2024-04-08T00:31:51","modified_gmt":"2024-04-08T06:31:51","slug":"renuncia-regidor","status":"inherit","type":"attachment","link":"https:\/\/www.diarioimagen.net\/?attachment_id=615448","title":{"rendered":"renuncia-regidor"},"author":3,"featured_media":0,"comment_status":"open","ping_status":"closed","template":"","meta":{"_monsterinsights_skip_tracking":false,"_monsterinsights_sitenote_active":false,"_monsterinsights_sitenote_note":"","_monsterinsights_sitenote_category":0},"class_list":["post-615448","attachment","type-attachment","status-inherit","hentry"],"description":{"rendered":"<p class=\"attachment\"><a href='https:\/\/www.diarioimagen.net\/wp-content\/uploads\/2024\/04\/renuncia-regidor.jpg'><img loading=\"lazy\" decoding=\"async\" width=\"240\" height=\"141\" src=\"https:\/\/www.diarioimagen.net\/wp-content\/uploads\/2024\/04\/renuncia-regidor.jpg\" class=\"attachment-medium size-medium\" alt=\"\" \/><\/a><\/p>\n"},"caption":{"rendered":"<p>El regidor Favio Calder\u00f3n B\u00e1rcenas anunci\u00f3 su renuncia al partido Movimiento Ciudadano y, al mismo tiempo, su incorporaci\u00f3n a la fracci\u00f3n edilicia del PAN.<\/p>\n"},"alt_text":"","media_type":"image","mime_type":"image\/jpeg","media_details":{"width":460,"height":270,"file":"2024\/04\/renuncia-regidor.jpg","filesize":89168,"sizes":{},"image_meta":{"aperture":"0","credit":"","camera":"","caption":"","created_timestamp":"0","copyright":"","focal_length":"0","iso":"0","shutter_speed":"0","title":"","orientation":"0","keywords":[]}},"post":615353,"source_url":"https:\/\/www.diarioimagen.net\/wp-content\/uploads\/2024\/04\/renuncia-regidor.jpg","_links":{"self":[{"href":"https:\/\/www.diarioimagen.net\/index.php?rest_route=\/wp\/v2\/media\/615448","targetHints":{"allow":["GET"]}}],"collection":[{"href":"https:\/\/www.diarioimagen.net\/index.php?rest_route=\/wp\/v2\/media"}],"about":[{"href":"https:\/\/www.diarioimagen.net\/index.php?rest_route=\/wp\/v2\/types\/attachment"}],"author":[{"embeddable":true,"href":"https:\/\/www.diarioimagen.net\/index.php?rest_route=\/wp\/v2\/users\/3"}],"replies":[{"embeddable":true,"href":"https:\/\/www.diarioimagen.net\/index.php?rest_route=%2Fwp%2Fv2%2Fcomments&post=615448"}]}}

<p>El regidor Favio Calderón Bárcenas anunció su renuncia al partido Movimiento Ciudadano y, al mismo tiempo, su incorporación a la fracción edilicia del PAN.</p>
