{"id":615610,"date":"2024-04-09T01:51:21","date_gmt":"2024-04-09T07:51:21","guid":{"rendered":"https:\/\/www.diarioimagen.net\/wp-content\/uploads\/2024\/04\/naucalpenses.jpg"},"modified":"2024-04-09T01:51:25","modified_gmt":"2024-04-09T07:51:25","slug":"naucalpenses","status":"inherit","type":"attachment","link":"https:\/\/www.diarioimagen.net\/?attachment_id=615610","title":{"rendered":"naucalpenses"},"author":3,"featured_media":0,"comment_status":"open","ping_status":"closed","template":"","meta":{"_monsterinsights_skip_tracking":false,"_monsterinsights_sitenote_active":false,"_monsterinsights_sitenote_note":"","_monsterinsights_sitenote_category":0},"class_list":["post-615610","attachment","type-attachment","status-inherit","hentry"],"description":{"rendered":"<p class=\"attachment\"><a href='https:\/\/www.diarioimagen.net\/wp-content\/uploads\/2024\/04\/naucalpenses.jpg'><img loading=\"lazy\" decoding=\"async\" width=\"240\" height=\"141\" src=\"https:\/\/www.diarioimagen.net\/wp-content\/uploads\/2024\/04\/naucalpenses.jpg\" class=\"attachment-medium size-medium\" alt=\"\" \/><\/a><\/p>\n"},"caption":{"rendered":"<p>La candidata \u00darsula Cort\u00e9s Fern\u00e1ndez se\u00f1al\u00f3 que \u201cde la mano de X\u00f3chitl G\u00e1lvez y con el apoyo del pueblo de M\u00e9xico, nadie detendr\u00e1 el cambio que viene\u201d.<\/p>\n"},"alt_text":"","media_type":"image","mime_type":"image\/jpeg","media_details":{"width":460,"height":270,"file":"2024\/04\/naucalpenses.jpg","filesize":55540,"sizes":{},"image_meta":{"aperture":"0","credit":"","camera":"","caption":"","created_timestamp":"0","copyright":"","focal_length":"0","iso":"0","shutter_speed":"0","title":"","orientation":"0","keywords":[]}},"post":615495,"source_url":"https:\/\/www.diarioimagen.net\/wp-content\/uploads\/2024\/04\/naucalpenses.jpg","_links":{"self":[{"href":"https:\/\/www.diarioimagen.net\/index.php?rest_route=\/wp\/v2\/media\/615610","targetHints":{"allow":["GET"]}}],"collection":[{"href":"https:\/\/www.diarioimagen.net\/index.php?rest_route=\/wp\/v2\/media"}],"about":[{"href":"https:\/\/www.diarioimagen.net\/index.php?rest_route=\/wp\/v2\/types\/attachment"}],"author":[{"embeddable":true,"href":"https:\/\/www.diarioimagen.net\/index.php?rest_route=\/wp\/v2\/users\/3"}],"replies":[{"embeddable":true,"href":"https:\/\/www.diarioimagen.net\/index.php?rest_route=%2Fwp%2Fv2%2Fcomments&post=615610"}]}}

<p>La candidata Úrsula Cortés Fernández señaló que “de la mano de Xóchitl Gálvez y con el apoyo del pueblo de México, nadie detendrá el cambio que viene”.</p>
