{"id":615796,"date":"2024-04-10T01:49:46","date_gmt":"2024-04-10T07:49:46","guid":{"rendered":"https:\/\/www.diarioimagen.net\/wp-content\/uploads\/2024\/04\/naucalpan-sigue.jpg"},"modified":"2024-04-10T01:49:58","modified_gmt":"2024-04-10T07:49:58","slug":"naucalpan-sigue","status":"inherit","type":"attachment","link":"https:\/\/www.diarioimagen.net\/?attachment_id=615796","title":{"rendered":"naucalpan-sigue"},"author":3,"featured_media":0,"comment_status":"open","ping_status":"closed","template":"","meta":{"_monsterinsights_skip_tracking":false,"_monsterinsights_sitenote_active":false,"_monsterinsights_sitenote_note":"","_monsterinsights_sitenote_category":0},"class_list":["post-615796","attachment","type-attachment","status-inherit","hentry"],"description":{"rendered":"<p class=\"attachment\"><a href='https:\/\/www.diarioimagen.net\/wp-content\/uploads\/2024\/04\/naucalpan-sigue.jpg'><img loading=\"lazy\" decoding=\"async\" width=\"240\" height=\"141\" src=\"https:\/\/www.diarioimagen.net\/wp-content\/uploads\/2024\/04\/naucalpan-sigue.jpg\" class=\"attachment-medium size-medium\" alt=\"\" \/><\/a><\/p>\n"},"caption":{"rendered":"<p>La alcaldesa de Naucalpan, Ang\u00e9lica Moya Mar\u00edn, destac\u00f3 que se ha puesto orden financiero y por el cual pretende dar continuidad a su gesti\u00f3n y mantener una situaci\u00f3n financiera estable y un gobierno que de verdad brille.<\/p>\n"},"alt_text":"","media_type":"image","mime_type":"image\/jpeg","media_details":{"width":460,"height":270,"file":"2024\/04\/naucalpan-sigue.jpg","filesize":40380,"sizes":{},"image_meta":{"aperture":"0","credit":"","camera":"","caption":"","created_timestamp":"0","copyright":"","focal_length":"0","iso":"0","shutter_speed":"0","title":"","orientation":"0","keywords":[]}},"post":615683,"source_url":"https:\/\/www.diarioimagen.net\/wp-content\/uploads\/2024\/04\/naucalpan-sigue.jpg","_links":{"self":[{"href":"https:\/\/www.diarioimagen.net\/index.php?rest_route=\/wp\/v2\/media\/615796","targetHints":{"allow":["GET"]}}],"collection":[{"href":"https:\/\/www.diarioimagen.net\/index.php?rest_route=\/wp\/v2\/media"}],"about":[{"href":"https:\/\/www.diarioimagen.net\/index.php?rest_route=\/wp\/v2\/types\/attachment"}],"author":[{"embeddable":true,"href":"https:\/\/www.diarioimagen.net\/index.php?rest_route=\/wp\/v2\/users\/3"}],"replies":[{"embeddable":true,"href":"https:\/\/www.diarioimagen.net\/index.php?rest_route=%2Fwp%2Fv2%2Fcomments&post=615796"}]}}

<p>La alcaldesa de Naucalpan, Angélica Moya Marín, destacó que se ha puesto orden financiero y por el cual pretende dar continuidad a su gestión y mantener una situación financiera estable y un gobierno que de verdad brille.</p>
