{"id":616148,"date":"2024-04-12T01:30:02","date_gmt":"2024-04-12T07:30:02","guid":{"rendered":"https:\/\/www.diarioimagen.net\/wp-content\/uploads\/2024\/04\/amlo-2.jpg"},"modified":"2024-04-12T01:30:06","modified_gmt":"2024-04-12T07:30:06","slug":"amlo-496","status":"inherit","type":"attachment","link":"https:\/\/www.diarioimagen.net\/?attachment_id=616148","title":{"rendered":"amlo"},"author":3,"featured_media":0,"comment_status":"open","ping_status":"closed","template":"","meta":{"_monsterinsights_skip_tracking":false,"_monsterinsights_sitenote_active":false,"_monsterinsights_sitenote_note":"","_monsterinsights_sitenote_category":0},"class_list":["post-616148","attachment","type-attachment","status-inherit","hentry"],"description":{"rendered":"<p class=\"attachment\"><a href='https:\/\/www.diarioimagen.net\/wp-content\/uploads\/2024\/04\/amlo-2.jpg'><img loading=\"lazy\" decoding=\"async\" width=\"240\" height=\"141\" src=\"https:\/\/www.diarioimagen.net\/wp-content\/uploads\/2024\/04\/amlo-2.jpg\" class=\"attachment-medium size-medium\" alt=\"\" \/><\/a><\/p>\n"},"caption":{"rendered":"<p>El presidente Andr\u00e9s Manuel L\u00f3pez Obrador se\u00f1al\u00f3 que los ahorros de las Afores no se ver\u00e1n afectados con la iniciativa de reforma que propone que los ahorros no reclamados en IMSS, ISSSTE y Afores ser\u00e1n trasladados autom\u00e1ticamente al Fondo de Pensiones para el Bienestar.<\/p>\n"},"alt_text":"","media_type":"image","mime_type":"image\/jpeg","media_details":{"width":460,"height":270,"file":"2024\/04\/amlo-2.jpg","filesize":50531,"sizes":{},"image_meta":{"aperture":"0","credit":"","camera":"","caption":"","created_timestamp":"0","copyright":"","focal_length":"0","iso":"0","shutter_speed":"0","title":"","orientation":"0","keywords":[]}},"post":616016,"source_url":"https:\/\/www.diarioimagen.net\/wp-content\/uploads\/2024\/04\/amlo-2.jpg","_links":{"self":[{"href":"https:\/\/www.diarioimagen.net\/index.php?rest_route=\/wp\/v2\/media\/616148","targetHints":{"allow":["GET"]}}],"collection":[{"href":"https:\/\/www.diarioimagen.net\/index.php?rest_route=\/wp\/v2\/media"}],"about":[{"href":"https:\/\/www.diarioimagen.net\/index.php?rest_route=\/wp\/v2\/types\/attachment"}],"author":[{"embeddable":true,"href":"https:\/\/www.diarioimagen.net\/index.php?rest_route=\/wp\/v2\/users\/3"}],"replies":[{"embeddable":true,"href":"https:\/\/www.diarioimagen.net\/index.php?rest_route=%2Fwp%2Fv2%2Fcomments&post=616148"}]}}

<p>El presidente Andrés Manuel López Obrador señaló que los ahorros de las Afores no se verán afectados con la iniciativa de reforma que propone que los ahorros no reclamados en IMSS, ISSSTE y Afores serán trasladados automáticamente al Fondo de Pensiones para el Bienestar.</p>
