{"id":616302,"date":"2024-04-15T01:41:17","date_gmt":"2024-04-15T07:41:17","guid":{"rendered":"https:\/\/www.diarioimagen.net\/wp-content\/uploads\/2024\/04\/en-niveles-criticos-presas.jpg"},"modified":"2024-04-15T01:41:21","modified_gmt":"2024-04-15T07:41:21","slug":"en-niveles-criticos-presas","status":"inherit","type":"attachment","link":"https:\/\/www.diarioimagen.net\/?attachment_id=616302","title":{"rendered":"en-niveles-criticos-presas"},"author":3,"featured_media":0,"comment_status":"open","ping_status":"closed","template":"","meta":{"_monsterinsights_skip_tracking":false,"_monsterinsights_sitenote_active":false,"_monsterinsights_sitenote_note":"","_monsterinsights_sitenote_category":0},"class_list":["post-616302","attachment","type-attachment","status-inherit","hentry"],"description":{"rendered":"<p class=\"attachment\"><a href='https:\/\/www.diarioimagen.net\/wp-content\/uploads\/2024\/04\/en-niveles-criticos-presas.jpg'><img loading=\"lazy\" decoding=\"async\" width=\"240\" height=\"141\" src=\"https:\/\/www.diarioimagen.net\/wp-content\/uploads\/2024\/04\/en-niveles-criticos-presas.jpg\" class=\"attachment-medium size-medium\" alt=\"\" \/><\/a><\/p>\n"},"caption":{"rendered":"<p>Ante la falta de lluvias, presas de Sonora y Sinaloa se encuentran en niveles cr\u00edticos por lo que hay preocupaci\u00f3n entre agricultores y ganaderos, pues sus siembras y hatos est\u00e1n en riesgo.<\/p>\n"},"alt_text":"","media_type":"image","mime_type":"image\/jpeg","media_details":{"width":460,"height":270,"file":"2024\/04\/en-niveles-criticos-presas.jpg","filesize":56619,"sizes":{},"image_meta":{"aperture":"0","credit":"","camera":"","caption":"","created_timestamp":"0","copyright":"","focal_length":"0","iso":"0","shutter_speed":"0","title":"","orientation":"0","keywords":[]}},"post":616199,"source_url":"https:\/\/www.diarioimagen.net\/wp-content\/uploads\/2024\/04\/en-niveles-criticos-presas.jpg","_links":{"self":[{"href":"https:\/\/www.diarioimagen.net\/index.php?rest_route=\/wp\/v2\/media\/616302","targetHints":{"allow":["GET"]}}],"collection":[{"href":"https:\/\/www.diarioimagen.net\/index.php?rest_route=\/wp\/v2\/media"}],"about":[{"href":"https:\/\/www.diarioimagen.net\/index.php?rest_route=\/wp\/v2\/types\/attachment"}],"author":[{"embeddable":true,"href":"https:\/\/www.diarioimagen.net\/index.php?rest_route=\/wp\/v2\/users\/3"}],"replies":[{"embeddable":true,"href":"https:\/\/www.diarioimagen.net\/index.php?rest_route=%2Fwp%2Fv2%2Fcomments&post=616302"}]}}

<p>Ante la falta de lluvias, presas de Sonora y Sinaloa se encuentran en niveles críticos por lo que hay preocupación entre agricultores y ganaderos, pues sus siembras y hatos están en riesgo.</p>
